CRAN Package Check Results for Package RcppBDT

Last updated on 2021-04-15 09:50:12 CEST.

Flavor Version Tinstall Tcheck Ttotal Status Flags
r-devel-linux-x86_64-debian-clang 0.2.3 90.21 74.55 164.76 OK
r-devel-linux-x86_64-debian-gcc 0.2.3 69.29 55.86 125.15 OK
r-devel-linux-x86_64-fedora-clang 0.2.3 230.45 NOTE
r-devel-linux-x86_64-fedora-gcc 0.2.3 217.15 NOTE
r-devel-windows-ix86+x86_64 0.2.3 220.00 139.00 359.00 OK
r-devel-windows-x86_64-gcc10-UCRT 0.2.3 OK
r-patched-linux-x86_64 0.2.3 79.62 70.81 150.43 OK
r-patched-solaris-x86 0.2.3 225.70 OK
r-release-linux-x86_64 0.2.3 75.76 70.70 146.46 OK
r-release-macos-x86_64 0.2.3 NOTE
r-release-windows-ix86+x86_64 0.2.3 180.00 156.00 336.00 OK
r-oldrel-macos-x86_64 0.2.3 NOTE
r-oldrel-windows-ix86+x86_64 0.2.3 196.00 108.00 304.00 OK

Check Details

Version: 0.2.3
Check: installed package size
Result: NOTE
     installed size is 8.9Mb
     sub-directories of 1Mb or more:
     libs 8.6Mb
Flavors: r-devel-linux-x86_64-fedora-clang, r-release-macos-x86_64, r-oldrel-macos-x86_64

Version: 0.2.3
Check: compiled code
Result: NOTE
    File ‘RcppBDT/libs/RcppBDT.so’:
     Found no calls to: ‘R_registerRoutines’, ‘R_useDynamicSymbols’
    
    It is good practice to register native routines and to disable symbol
    search.
    
    See ‘Writing portable packages’ in the ‘Writing R Extensions’ manual.
Flavors: r-devel-linux-x86_64-fedora-clang, r-devel-linux-x86_64-fedora-gcc