CRAN Package Check Results for Package Rcpp

Last updated on 2021-04-15 09:50:12 CEST.

Flavor Version Tinstall Tcheck Ttotal Status Flags
r-devel-linux-x86_64-debian-clang 1.0.6 63.17 80.67 143.84 OK
r-devel-linux-x86_64-debian-gcc 1.0.6 38.23 64.06 102.29 OK
r-devel-linux-x86_64-fedora-clang 1.0.6 203.85 NOTE
r-devel-linux-x86_64-fedora-gcc 1.0.6 180.47 NOTE
r-devel-windows-ix86+x86_64 1.0.6 133.00 136.00 269.00 NOTE
r-devel-windows-x86_64-gcc10-UCRT 1.0.6 OK
r-patched-linux-x86_64 1.0.6 53.28 79.13 132.41 OK
r-patched-solaris-x86 1.0.6 197.20 NOTE
r-release-linux-x86_64 1.0.6 52.05 79.11 131.16 OK
r-release-macos-x86_64 1.0.6 NOTE
r-release-windows-ix86+x86_64 1.0.6 112.00 139.00 251.00 NOTE
r-oldrel-macos-x86_64 1.0.6 NOTE
r-oldrel-windows-ix86+x86_64 1.0.6 4.00 6.00 10.00 ERROR

Check Details

Version: 1.0.6
Check: installed package size
Result: NOTE
     installed size is 14.8Mb
     sub-directories of 1Mb or more:
     doc 1.1Mb
     include 6.4Mb
     libs 5.3Mb
Flavors: r-devel-linux-x86_64-fedora-clang, r-devel-windows-ix86+x86_64, r-patched-solaris-x86, r-release-macos-x86_64, r-release-windows-ix86+x86_64, r-oldrel-macos-x86_64

Version: 1.0.6
Check: foreign function calls
Result: NOTE
    Registration problem:
     symbol ‘symbol’ in the local frame:
     .Call(symbol)
    See chapter ‘System and foreign language interfaces’ in the ‘Writing R
    Extensions’ manual.
Flavors: r-devel-linux-x86_64-fedora-clang, r-devel-linux-x86_64-fedora-gcc

Version: 1.0.6
Check: whether package can be installed
Result: ERROR
    Installation failed.
Flavor: r-oldrel-windows-ix86+x86_64