CRAN Package Check Results for Package RcmdrPlugin.EZR

Last updated on 2020-05-29 17:49:14 CEST.

Flavor Version Tinstall Tcheck Ttotal Status Flags
r-devel-linux-x86_64-debian-clang 1.42 52.05 195.92 247.97 OK
r-devel-linux-x86_64-debian-gcc 1.42 37.09 145.82 182.91 OK
r-devel-linux-x86_64-fedora-clang 1.42 317.47 OK
r-devel-linux-x86_64-fedora-gcc 1.42 304.72 OK
r-devel-windows-ix86+x86_64 1.42 94.00 251.00 345.00 OK
r-patched-linux-x86_64 1.42 43.36 193.22 236.58 OK
r-patched-solaris-x86 1.42 417.80 OK
r-release-linux-x86_64 1.42 47.44 194.13 241.57 OK
r-release-osx-x86_64 1.42 OK
r-release-windows-ix86+x86_64 1.42 61.00 174.00 235.00 OK
r-oldrel-osx-x86_64 1.42 WARN
r-oldrel-windows-ix86+x86_64 1.42 60.00 158.00 218.00 OK

Check Details

Version: 1.42
Check: dependencies in R code
Result: NOTE
    No protocol specified
    No protocol specified
Flavor: r-oldrel-osx-x86_64

Version: 1.42
Check: S3 generic/method consistency
Result: WARN
    No protocol specified
    No protocol specified
    See section ‘Generic functions and methods’ in the ‘Writing R
    Extensions’ manual.
Flavor: r-oldrel-osx-x86_64

Version: 1.42
Check: replacement functions
Result: WARN
    No protocol specified
    No protocol specified
    The argument of a replacement function which corresponds to the right
    hand side must be named ‘value’.
Flavor: r-oldrel-osx-x86_64

Version: 1.42
Check: foreign function calls
Result: NOTE
    No protocol specified
    No protocol specified
    See chapter ‘System and foreign language interfaces’ in the ‘Writing R
    Extensions’ manual.
Flavor: r-oldrel-osx-x86_64

Version: 1.42
Check: R code for possible problems
Result: NOTE
    No protocol specified
    No protocol specified
Flavor: r-oldrel-osx-x86_64

Version: 1.42
Check: for missing documentation entries
Result: WARN
    No protocol specified
    No protocol specified
    All user-level objects in a package should have documentation entries.
    See chapter ‘Writing R documentation files’ in the ‘Writing R
    Extensions’ manual.
Flavor: r-oldrel-osx-x86_64

Version: 1.42
Check: for code/documentation mismatches
Result: WARN
    No protocol specified
    No protocol specified
    No protocol specified
    No protocol specified
    No protocol specified
    No protocol specified
Flavor: r-oldrel-osx-x86_64

Version: 1.42
Check: Rd \usage sections
Result: NOTE
    No protocol specified
    No protocol specified
    The \usage entries for S3 methods should use the \method markup and not
    their full name.
    See chapter ‘Writing R documentation files’ in the ‘Writing R
    Extensions’ manual.
Flavor: r-oldrel-osx-x86_64