CRAN Package Check Results for Package Rcan

Last updated on 2020-02-28 22:53:44 CET.

Flavor Version Tinstall Tcheck Ttotal Status Flags
r-devel-linux-x86_64-debian-clang 1.3.80 6.31 143.23 149.54 OK
r-devel-linux-x86_64-debian-gcc 1.3.80 5.38 130.42 135.80 OK
r-devel-linux-x86_64-fedora-clang 1.3.80 139.48 NOTE
r-devel-linux-x86_64-fedora-gcc 1.3.80 136.74 NOTE
r-devel-windows-ix86+x86_64 1.3.80 21.00 143.00 164.00 OK
r-devel-windows-ix86+x86_64-gcc8 1.3.80 15.00 102.00 117.00 OK
r-patched-linux-x86_64 1.3.80 4.85 122.54 127.39 OK
r-patched-solaris-x86 1.3.80 161.40 NOTE
r-release-linux-x86_64 1.3.80 5.76 126.48 132.24 OK
r-release-windows-ix86+x86_64 1.3.80 12.00 142.00 154.00 OK
r-release-osx-x86_64 1.3.80 NOTE
r-oldrel-windows-ix86+x86_64 1.3.80 8.00 93.00 101.00 OK
r-oldrel-osx-x86_64 1.3.80 NOTE

Check Details

Version: 1.3.80
Check: data for non-ASCII characters
Result: NOTE
     Note: found 26334 marked UTF-8 strings
Flavors: r-devel-linux-x86_64-fedora-clang, r-devel-linux-x86_64-fedora-gcc, r-patched-solaris-x86, r-release-osx-x86_64, r-oldrel-osx-x86_64