CRAN Package Check Results for Package Ravages

Last updated on 2021-04-15 09:50:12 CEST.

Flavor Version Tinstall Tcheck Ttotal Status Flags
r-devel-linux-x86_64-debian-clang 0.1.3 268.85 158.46 427.31 OK
r-devel-linux-x86_64-debian-gcc 0.1.3 178.40 124.52 302.92 OK
r-devel-linux-x86_64-fedora-clang 0.1.3 624.13 NOTE
r-devel-linux-x86_64-fedora-gcc 0.1.3 550.23 OK
r-devel-windows-ix86+x86_64 0.1.3 628.00 276.00 904.00 NOTE
r-devel-windows-x86_64-gcc10-UCRT 0.1.3 OK
r-patched-linux-x86_64 0.1.3 204.91 154.16 359.07 OK
r-patched-solaris-x86 0.1.3 741.50 NOTE
r-release-linux-x86_64 0.1.3 206.39 153.92 360.31 OK
r-release-macos-x86_64 0.1.3 NOTE
r-release-windows-ix86+x86_64 0.1.3 515.00 233.00 748.00 NOTE
r-oldrel-macos-x86_64 0.1.3 NOTE
r-oldrel-windows-ix86+x86_64 0.1.3 487.00 246.00 733.00 NOTE

Check Details

Version: 0.1.3
Check: installed package size
Result: NOTE
     installed size is 16.9Mb
     sub-directories of 1Mb or more:
     data 3.9Mb
     libs 12.6Mb
Flavors: r-devel-linux-x86_64-fedora-clang, r-devel-windows-ix86+x86_64, r-patched-solaris-x86, r-release-macos-x86_64, r-release-windows-ix86+x86_64, r-oldrel-macos-x86_64, r-oldrel-windows-ix86+x86_64