CRAN Package Check Results for Package Radviz

Last updated on 2020-03-30 20:48:39 CEST.

Flavor Version Tinstall Tcheck Ttotal Status Flags
r-devel-linux-x86_64-debian-clang 0.9.0 58.28 349.94 408.22 OK
r-devel-linux-x86_64-debian-gcc 0.9.1 35.76 239.14 274.90 OK
r-devel-linux-x86_64-fedora-clang 0.9.1 450.58 NOTE
r-devel-linux-x86_64-fedora-gcc 0.9.1 355.19 NOTE
r-devel-windows-ix86+x86_64 0.8.2 18.00 129.00 147.00 OK
r-devel-windows-ix86+x86_64-gcc8 0.9.0 118.00 373.00 491.00 OK
r-patched-linux-x86_64 0.9.1 41.03 309.47 350.50 OK
r-patched-solaris-x86 0.9.1 612.40 NOTE
r-release-linux-x86_64 0.9.0 41.81 313.25 355.06 OK
r-release-windows-ix86+x86_64 0.9.1 91.00 351.00 442.00 OK
r-release-osx-x86_64 0.9.1 NOTE
r-oldrel-windows-ix86+x86_64 0.9.0 123.00 437.00 560.00 OK
r-oldrel-osx-x86_64 0.9.0 OK

Check Details

Version: 0.9.1
Check: dependencies in R code
Result: NOTE
    Namespace in Imports field not imported from: ‘hexbin’
     All declared Imports should be used.
Flavors: r-devel-linux-x86_64-fedora-clang, r-devel-linux-x86_64-fedora-gcc, r-patched-solaris-x86, r-release-osx-x86_64