CRAN Package Check Results for Package RVA

Last updated on 2021-04-15 09:50:14 CEST.

Flavor Version Tinstall Tcheck Ttotal Status Flags
r-devel-linux-x86_64-debian-clang 0.0.4 38.92 439.21 478.13 OK
r-devel-linux-x86_64-debian-gcc 0.0.4 28.23 332.48 360.71 OK
r-devel-linux-x86_64-fedora-clang 0.0.4 614.65 NOTE
r-devel-linux-x86_64-fedora-gcc 0.0.4 607.23 NOTE
r-devel-windows-ix86+x86_64 0.0.4 101.00 508.00 609.00 OK
r-devel-windows-x86_64-gcc10-UCRT 0.0.4 NOTE
r-patched-linux-x86_64 0.0.4 37.01 369.42 406.43 OK
r-patched-solaris-x86 0.0.4 728.00 NOTE
r-release-linux-x86_64 0.0.4 37.94 367.29 405.23 OK
r-release-macos-x86_64 0.0.4 ERROR
r-release-windows-ix86+x86_64 0.0.4 89.00 475.00 564.00 OK
r-oldrel-macos-x86_64 0.0.4 ERROR
r-oldrel-windows-ix86+x86_64 0.0.4 1.00 6.00 7.00 ERROR

Check Details

Version: 0.0.4
Check: package dependencies
Result: NOTE
    Imports includes 22 non-default packages.
    Importing from so many packages makes the package vulnerable to any of
    them becoming unavailable. Move as many as possible to Suggests and
    use conditionally.
Flavor: r-devel-linux-x86_64-fedora-clang

Version: 0.0.4
Check: dependencies in R code
Result: NOTE
    Namespace in Imports field not imported from: ‘XML’
     All declared Imports should be used.
Flavors: r-devel-linux-x86_64-fedora-clang, r-devel-linux-x86_64-fedora-gcc, r-devel-windows-x86_64-gcc10-UCRT, r-patched-solaris-x86

Version: 0.0.4
Check: package dependencies
Result: ERROR
    Packages required but not available:
     'GSVAdata', 'clusterProfiler', 'rWikiPathways'
    
    See section ‘The DESCRIPTION file’ in the ‘Writing R Extensions’
    manual.
Flavor: r-release-macos-x86_64

Version: 0.0.4
Check: package dependencies
Result: ERROR
    Packages required but not available:
     'GSVAdata', 'clusterProfiler', 'org.Hs.eg.db', 'rWikiPathways'
    
    Packages required and available but unsuitable versions:
     'edgeR', 'ComplexHeatmap', 'GSEABase'
    
    See section ‘The DESCRIPTION file’ in the ‘Writing R Extensions’
    manual.
Flavor: r-oldrel-macos-x86_64

Version: 0.0.4
Check: package dependencies
Result: ERROR
    Package required but not available: 'GSVAdata'
    
    Package required and available but unsuitable version: 'org.Hs.eg.db'
    
    See section 'The DESCRIPTION file' in the 'Writing R Extensions'
    manual.
Flavor: r-oldrel-windows-ix86+x86_64