CRAN Package Check Results for Package RTransferEntropy

Last updated on 2021-06-20 09:50:06 CEST.

Flavor Version Tinstall Tcheck Ttotal Status Flags
r-devel-linux-x86_64-debian-clang 0.2.14 38.86 798.36 837.22 OK
r-devel-linux-x86_64-debian-gcc 0.2.14 23.47 518.06 541.53 OK
r-devel-linux-x86_64-fedora-clang 0.2.14 1015.17 OK
r-devel-linux-x86_64-fedora-gcc 0.2.14 988.33 OK
r-devel-windows-x86_64 0.2.14 47.00 551.00 598.00 OK
r-devel-windows-x86_64-gcc10-UCRT 0.2.14 NOTE
r-patched-linux-x86_64 0.2.14 29.85 781.85 811.70 OK
r-patched-solaris-x86 0.2.14 1429.70 OK
r-release-linux-x86_64 0.2.14 27.56 792.78 820.34 OK
r-release-macos-arm64 0.2.14 OK
r-release-macos-x86_64 0.2.14 OK
r-release-windows-ix86+x86_64 0.2.14 86.00 599.00 685.00 OK
r-oldrel-macos-x86_64 0.2.14 OK
r-oldrel-windows-ix86+x86_64 0.2.14 64.00 592.00 656.00 OK

Check Details

Version: 0.2.14
Check: package dependencies
Result: NOTE
    Package suggested but not available for checking: 'quantmod'
Flavor: r-devel-windows-x86_64-gcc10-UCRT

Version: 0.2.14
Check: Rd cross-references
Result: NOTE
    Package unavailable to check Rd xrefs: 'quantmod'
Flavor: r-devel-windows-x86_64-gcc10-UCRT