CRAN Package Check Results for Package RTD

Last updated on 2021-06-22 09:51:52 CEST.

Flavor Version Tinstall Tcheck Ttotal Status Flags
r-devel-linux-x86_64-debian-clang 0.4.1 5.61 50.12 55.73 NOTE
r-devel-linux-x86_64-debian-gcc 0.4.1 4.22 37.37 41.59 NOTE
r-devel-linux-x86_64-fedora-clang 0.4.1 74.41 NOTE
r-devel-linux-x86_64-fedora-gcc 0.4.1 76.30 NOTE
r-devel-windows-x86_64 0.4.1 11.00 65.00 76.00 NOTE
r-devel-windows-x86_64-gcc10-UCRT 0.4.1 ERROR
r-patched-linux-x86_64 0.4.1 5.04 46.19 51.23 NOTE
r-patched-solaris-x86 0.4.1 93.30 NOTE
r-release-linux-x86_64 0.4.1 4.38 46.26 50.64 NOTE
r-release-macos-arm64 0.4.1 NOTE
r-release-macos-x86_64 0.4.1 NOTE
r-release-windows-ix86+x86_64 0.4.1 14.00 80.00 94.00 NOTE
r-oldrel-macos-x86_64 0.4.1 OK

Check Details

Version: 0.4.1
Check: LazyData
Result: NOTE
     'LazyData' is specified without a 'data' directory
Flavors: r-devel-linux-x86_64-debian-clang, r-devel-linux-x86_64-debian-gcc, r-devel-linux-x86_64-fedora-clang, r-devel-linux-x86_64-fedora-gcc, r-devel-windows-x86_64, r-patched-linux-x86_64, r-patched-solaris-x86, r-release-linux-x86_64, r-release-macos-arm64, r-release-macos-x86_64, r-release-windows-ix86+x86_64

Version: 0.4.1
Check: package dependencies
Result: ERROR
    Package required but not available: 'httr'
    
    Packages suggested but not available for checking: 'webmockr', 'devtools'
    
    See section 'The DESCRIPTION file' in the 'Writing R Extensions'
    manual.
Flavor: r-devel-windows-x86_64-gcc10-UCRT