CRAN Package Check Results for Package RStoolbox

Last updated on 2020-03-30 20:48:41 CEST.

Flavor Version Tinstall Tcheck Ttotal Status Flags
r-devel-linux-x86_64-debian-clang 0.2.6 145.90 397.32 543.22 OK
r-devel-linux-x86_64-debian-gcc 0.2.6 92.23 296.84 389.07 OK
r-devel-linux-x86_64-fedora-clang 0.2.6 669.54 NOTE
r-devel-linux-x86_64-fedora-gcc 0.2.6 630.89 OK
r-devel-windows-ix86+x86_64 0.2.6 240.00 592.00 832.00 OK
r-devel-windows-ix86+x86_64-gcc8 0.2.6 273.00 601.00 874.00 OK
r-patched-linux-x86_64 0.2.6 110.76 374.27 485.03 OK
r-patched-solaris-x86 0.2.6 815.80 OK
r-release-linux-x86_64 0.2.6 109.66 345.25 454.91 OK
r-release-windows-ix86+x86_64 0.2.6 278.00 839.00 1117.00 OK
r-release-osx-x86_64 0.2.6 OK
r-oldrel-windows-ix86+x86_64 0.2.6 303.00 770.00 1073.00 OK
r-oldrel-osx-x86_64 0.2.6 OK

Check Details

Version: 0.2.6
Check: installed package size
Result: NOTE
     installed size is 6.2Mb
     sub-directories of 1Mb or more:
     libs 4.7Mb
Flavor: r-devel-linux-x86_64-fedora-clang