CRAN Package Check Results for Package RSqlParser

Last updated on 2021-06-22 09:51:52 CEST.

Flavor Version Tinstall Tcheck Ttotal Status Flags
r-devel-linux-x86_64-debian-clang 1.5 2.11 25.87 27.98 NOTE
r-devel-linux-x86_64-debian-gcc 1.5 1.68 20.33 22.01 NOTE
r-devel-linux-x86_64-fedora-clang 1.5 43.88 NOTE
r-devel-linux-x86_64-fedora-gcc 1.5 32.53 NOTE
r-devel-windows-x86_64 1.5 4.00 39.00 43.00 NOTE
r-devel-windows-x86_64-gcc10-UCRT 1.5 NOTE
r-patched-linux-x86_64 1.5 2.06 25.32 27.38 NOTE
r-patched-solaris-x86 1.5 51.10 NOTE
r-release-linux-x86_64 1.5 2.06 24.76 26.82 NOTE
r-release-macos-arm64 1.5 NOTE
r-release-macos-x86_64 1.5 NOTE
r-release-windows-ix86+x86_64 1.5 5.00 41.00 46.00 NOTE
r-oldrel-macos-x86_64 1.5 OK

Check Details

Version: 1.5
Check: LazyData
Result: NOTE
     'LazyData' is specified without a 'data' directory
Flavors: r-devel-linux-x86_64-debian-clang, r-devel-linux-x86_64-debian-gcc, r-devel-linux-x86_64-fedora-clang, r-devel-linux-x86_64-fedora-gcc, r-devel-windows-x86_64, r-devel-windows-x86_64-gcc10-UCRT, r-patched-linux-x86_64, r-patched-solaris-x86, r-release-linux-x86_64, r-release-macos-arm64, r-release-macos-x86_64, r-release-windows-ix86+x86_64