CRAN Package Check Results for Package RSQLite

Last updated on 2021-06-16 09:53:37 CEST.

Flavor Version Tinstall Tcheck Ttotal Status Flags
r-devel-linux-x86_64-debian-clang 2.2.7 280.97 69.69 350.66 OK
r-devel-linux-x86_64-debian-gcc 2.2.7 175.23 54.69 229.92 OK
r-devel-linux-x86_64-fedora-clang 2.2.7 492.47 NOTE
r-devel-linux-x86_64-fedora-gcc 2.2.7 414.19 OK
r-devel-windows-x86_64 2.2.7 315.00 106.00 421.00 OK
r-devel-windows-x86_64-gcc10-UCRT 2.2.7 OK
r-patched-linux-x86_64 2.2.7 210.31 67.00 277.31 OK
r-patched-solaris-x86 2.2.7 367.10 OK
r-release-linux-x86_64 2.2.7 202.67 67.07 269.74 OK
r-release-macos-arm64 2.2.7 NOTE
r-release-macos-x86_64 2.2.7 NOTE
r-release-windows-ix86+x86_64 2.2.7 629.00 154.00 783.00 NOTE
r-oldrel-macos-x86_64 2.2.7 NOTE
r-oldrel-windows-ix86+x86_64 2.2.7 542.00 167.00 709.00 NOTE

Check Details

Version: 2.2.7
Check: installed package size
Result: NOTE
     installed size is 13.1Mb
     sub-directories of 1Mb or more:
     libs 12.4Mb
Flavors: r-devel-linux-x86_64-fedora-clang, r-release-macos-arm64, r-release-macos-x86_64, r-release-windows-ix86+x86_64, r-oldrel-macos-x86_64, r-oldrel-windows-ix86+x86_64