CRAN Package Check Results for Package RSDA

Last updated on 2021-04-15 09:50:14 CEST.

Flavor Version Tinstall Tcheck Ttotal Status Flags
r-devel-linux-x86_64-debian-clang 3.0.9 21.14 228.72 249.86 OK
r-devel-linux-x86_64-debian-gcc 3.0.9 16.42 168.74 185.16 OK
r-devel-linux-x86_64-fedora-clang 3.0.9 335.93 NOTE
r-devel-linux-x86_64-fedora-gcc 3.0.9 331.27 NOTE
r-devel-windows-ix86+x86_64 3.0.9 46.00 305.00 351.00 OK
r-devel-windows-x86_64-gcc10-UCRT 3.0.9 NOTE
r-patched-linux-x86_64 3.0.9 15.84 211.13 226.97 OK
r-patched-solaris-x86 3.0.9 474.70 NOTE
r-release-linux-x86_64 3.0.9 18.92 210.56 229.48 OK
r-release-macos-x86_64 3.0.9 NOTE
r-release-windows-ix86+x86_64 3.0.9 51.00 344.00 395.00 OK
r-oldrel-macos-x86_64 3.0.9 NOTE
r-oldrel-windows-ix86+x86_64 3.0.9 28.00 213.00 241.00 OK

Check Details

Version: 3.0.9
Check: package dependencies
Result: NOTE
    Imports includes 28 non-default packages.
    Importing from so many packages makes the package vulnerable to any of
    them becoming unavailable. Move as many as possible to Suggests and
    use conditionally.
Flavor: r-devel-linux-x86_64-fedora-clang

Version: 3.0.9
Check: dependencies in R code
Result: NOTE
    Namespace in Imports field not imported from: ‘labelled’
     All declared Imports should be used.
Flavors: r-devel-linux-x86_64-fedora-clang, r-devel-linux-x86_64-fedora-gcc, r-devel-windows-x86_64-gcc10-UCRT, r-patched-solaris-x86, r-release-macos-x86_64, r-oldrel-macos-x86_64