CRAN Package Check Results for Package RPostgres

Last updated on 2021-04-15 09:50:14 CEST.

Flavor Version Tinstall Tcheck Ttotal Status Flags
r-devel-linux-x86_64-debian-clang 1.3.2 190.83 54.03 244.86 OK
r-devel-linux-x86_64-debian-gcc 1.3.2 102.80 42.08 144.88 OK
r-devel-linux-x86_64-fedora-clang 1.3.2 332.84 OK
r-devel-linux-x86_64-fedora-gcc 1.3.2 268.30 OK
r-devel-windows-ix86+x86_64 1.3.1 769.00 158.00 927.00 NOTE
r-devel-windows-x86_64-gcc10-UCRT 1.3.2 WARN
r-patched-linux-x86_64 1.3.2 119.72 51.71 171.43 OK
r-patched-solaris-x86 1.3.2 245.80 OK
r-release-linux-x86_64 1.3.2 116.02 51.57 167.59 OK
r-release-macos-x86_64 1.3.2 NOTE
r-release-windows-ix86+x86_64 1.3.2 710.00 177.00 887.00 NOTE
r-oldrel-macos-x86_64 1.3.2 NOTE
r-oldrel-windows-ix86+x86_64 1.3.2 686.00 152.00 838.00 NOTE

Check Details

Version: 1.3.1
Check: installed package size
Result: NOTE
     installed size is 8.7Mb
     sub-directories of 1Mb or more:
     libs 8.3Mb
Flavor: r-devel-windows-ix86+x86_64

Version: 1.3.2
Check: whether package can be installed
Result: WARN
    Found the following significant warnings:
     WARNING: failed to apply patch patches/CRAN/RPostgres.diff
Flavor: r-devel-windows-x86_64-gcc10-UCRT

Version: 1.3.2
Check: installed package size
Result: NOTE
     installed size is 7.2Mb
     sub-directories of 1Mb or more:
     libs 6.7Mb
Flavors: r-release-macos-x86_64, r-release-windows-ix86+x86_64, r-oldrel-macos-x86_64, r-oldrel-windows-ix86+x86_64