CRAN Package Check Results for Package RNetCDF

Last updated on 2021-06-24 09:52:44 CEST.

Flavor Version Tinstall Tcheck Ttotal Status Flags
r-devel-linux-x86_64-debian-clang 2.4-2 15.98 39.33 55.31 OK
r-devel-linux-x86_64-debian-gcc 2.4-2 9.51 30.72 40.23 OK
r-devel-linux-x86_64-fedora-clang 2.4-2 78.90 NOTE
r-devel-linux-x86_64-fedora-gcc 2.4-2 72.96 OK
r-devel-windows-x86_64 2.4-2 18.00 63.00 81.00 NOTE
r-devel-windows-x86_64-gcc10-UCRT 2.4-2 OK
r-patched-linux-x86_64 2.4-2 10.77 38.52 49.29 OK
r-patched-solaris-x86 2.4-2 101.50 OK
r-release-linux-x86_64 2.4-2 9.82 38.33 48.15 OK
r-release-macos-arm64 2.4-2 NOTE
r-release-macos-x86_64 2.4-2 NOTE
r-release-windows-ix86+x86_64 2.4-2 30.00 118.00 148.00 NOTE
r-oldrel-macos-x86_64 2.4-2 NOTE

Check Details

Version: 2.4-2
Check: Rd cross-references
Result: NOTE
    Undeclared package ‘pbdMPI’ in Rd xrefs
Flavor: r-devel-linux-x86_64-fedora-clang

Version: 2.4-2
Check: installed package size
Result: NOTE
     installed size is 5.2Mb
     sub-directories of 1Mb or more:
     libs 4.8Mb
Flavors: r-devel-windows-x86_64, r-release-macos-arm64, r-release-macos-x86_64, r-release-windows-ix86+x86_64, r-oldrel-macos-x86_64

Version: 2.4-2
Check: Rd cross-references
Result: NOTE
    Package unavailable to check Rd xrefs: ‘pbdMPI’
Flavors: r-release-macos-arm64, r-release-macos-x86_64, r-oldrel-macos-x86_64