CRAN Package Check Results for Package RMixtCompIO

Last updated on 2020-03-30 20:48:40 CEST.

Flavor Version Tinstall Tcheck Ttotal Status Flags
r-devel-linux-x86_64-debian-clang 4.0.2 360.87 169.41 530.28 OK
r-devel-linux-x86_64-debian-gcc 4.0.2 236.53 132.88 369.41 OK
r-devel-linux-x86_64-fedora-clang 4.0.2 734.55 NOTE
r-devel-linux-x86_64-fedora-gcc 4.0.2 654.84 OK
r-devel-windows-ix86+x86_64 4.0.2 595.00 328.00 923.00 OK
r-devel-windows-ix86+x86_64-gcc8 4.0.2 616.00 380.00 996.00 OK
r-patched-linux-x86_64 4.0.2 284.29 168.76 453.05 OK
r-patched-solaris-x86 4.0.2 650.70 OK
r-release-linux-x86_64 4.0.2 271.77 163.22 434.99 OK
r-release-windows-ix86+x86_64 4.0.2 940.00 413.00 1353.00 OK
r-release-osx-x86_64 4.0.2 NOTE
r-oldrel-windows-ix86+x86_64 4.0.2 925.00 410.00 1335.00 OK
r-oldrel-osx-x86_64 4.0.2 NOTE

Check Details

Version: 4.0.2
Check: package dependencies
Result: NOTE
    Suggests orphaned package: ‘Rmixmod’
Flavor: r-devel-linux-x86_64-fedora-clang

Version: 4.0.2
Check: installed package size
Result: NOTE
     installed size is 34.8Mb
     sub-directories of 1Mb or more:
     libs 34.6Mb
Flavors: r-devel-linux-x86_64-fedora-clang, r-release-osx-x86_64, r-oldrel-osx-x86_64