CRAN Package Check Results for Package RMTL

Last updated on 2020-03-30 20:48:40 CEST.

Flavor Version Tinstall Tcheck Ttotal Status Flags
r-devel-linux-x86_64-debian-clang 0.9 5.10 46.61 51.71 NOTE
r-devel-linux-x86_64-debian-gcc 0.9 3.58 34.95 38.53 NOTE
r-devel-linux-x86_64-fedora-clang 0.9 59.33 OK
r-devel-linux-x86_64-fedora-gcc 0.9 58.73 OK
r-devel-windows-ix86+x86_64 0.9 9.00 52.00 61.00 NOTE
r-devel-windows-ix86+x86_64-gcc8 0.9 10.00 59.00 69.00 NOTE
r-patched-linux-x86_64 0.9 4.12 47.10 51.22 NOTE
r-patched-solaris-x86 0.9 82.70 OK
r-release-linux-x86_64 0.9 3.83 41.87 45.70 OK
r-release-windows-ix86+x86_64 0.9 10.00 76.00 86.00 OK
r-release-osx-x86_64 0.9 OK
r-oldrel-windows-ix86+x86_64 0.9 9.00 72.00 81.00 OK
r-oldrel-osx-x86_64 0.9 OK

Check Details

Version: 0.9
Check: package vignettes
Result: NOTE
    Package vignette with placeholder title 'Vignette Title':
     'rmtl.Rmd'
Flavors: r-devel-linux-x86_64-debian-clang, r-devel-linux-x86_64-debian-gcc, r-devel-windows-ix86+x86_64, r-devel-windows-ix86+x86_64-gcc8, r-patched-linux-x86_64