CRAN Package Check Results for Package RLumModel

Last updated on 2020-07-06 21:50:36 CEST.

Flavor Version Tinstall Tcheck Ttotal Status Flags
r-devel-linux-x86_64-debian-clang 0.2.5 51.88 251.25 303.13 OK
r-devel-linux-x86_64-debian-gcc 0.2.5 39.23 180.12 219.35 OK
r-devel-linux-x86_64-fedora-clang 0.2.5 379.56 OK
r-devel-linux-x86_64-fedora-gcc 0.2.5 364.31 OK
r-devel-windows-ix86+x86_64 0.2.5 142.00 385.00 527.00 OK
r-patched-linux-x86_64 0.2.5 41.73 245.39 287.12 OK
r-patched-solaris-x86 0.2.5 373.90 WARN
r-release-linux-x86_64 0.2.5 42.89 243.18 286.07 OK
r-release-osx-x86_64 0.2.5 OK
r-release-windows-ix86+x86_64 0.2.5 103.00 280.00 383.00 OK
r-oldrel-osx-x86_64 0.2.5 OK
r-oldrel-windows-ix86+x86_64 0.2.5 103.00 372.00 475.00 OK

Additional issues

ATLAS

Check Details

Version: 0.2.5
Check: re-building of vignette outputs
Result: WARN
    Error(s) in re-building vignettes:
     ...
    --- re-building ‘RLumModel_-_Getting_started_with_RLumModel.Rmd’ using rmarkdown
    Warning in engine$weave(file, quiet = quiet, encoding = enc) :
     Pandoc (>= 1.12.3) and/or pandoc-citeproc not available. Falling back to R Markdown v1.
    Loading required package: Luminescence
    Loading required package: magrittr
    Welcome to the R package Luminescence version 0.9.7 [Built: 2020-06-28 14:02:38 UTC]
    A fluvially transported quartz grain at night: 'Always look at the bright side of life.'
    --- finished re-building ‘RLumModel_-_Getting_started_with_RLumModel.Rmd’
    
    --- re-building ‘RLumModel_-_Simulating_luminescence_in_Al2O3.Rmd’ using rmarkdown
    Warning in engine$weave(file, quiet = quiet, encoding = enc) :
     Pandoc (>= 1.12.3) and/or pandoc-citeproc not available. Falling back to R Markdown v1.
    Loading required package: Luminescence
    Loading required package: magrittr
    Welcome to the R package Luminescence version 0.9.7 [Built: 2020-06-28 14:02:38 UTC]
    Luminescence data to Bayesian process: 'Don't you ever touch me again.'
    Quitting from lines 125-154 (RLumModel_-_Simulating_luminescence_in_Al2O3.Rmd)
    Error: processing vignette 'RLumModel_-_Simulating_luminescence_in_Al2O3.Rmd' failed with diagnostics:
    subscript out of bounds
    --- failed re-building ‘RLumModel_-_Simulating_luminescence_in_Al2O3.Rmd’
    
    --- re-building ‘RLumModel_-_Using_own_parameter_sets.Rmd’ using rmarkdown
    Warning in engine$weave(file, quiet = quiet, encoding = enc) :
     Pandoc (>= 1.12.3) and/or pandoc-citeproc not available. Falling back to R Markdown v1.
    Loading required package: Luminescence
    Loading required package: magrittr
    Welcome to the R package Luminescence version 0.9.7 [Built: 2020-06-28 14:02:38 UTC]
    A stimulated feldspar grain: 'I'm so excited and I just can't hide it.'
    --- finished re-building ‘RLumModel_-_Using_own_parameter_sets.Rmd’
    
    SUMMARY: processing the following file failed:
     ‘RLumModel_-_Simulating_luminescence_in_Al2O3.Rmd’
    
    Error: Vignette re-building failed.
    Execution halted
Flavor: r-patched-solaris-x86