CRAN Package Check Results for Package RLumModel

Last updated on 2020-02-21 17:47:58 CET.

Flavor Version Tinstall Tcheck Ttotal Status Flags
r-devel-linux-x86_64-debian-clang 0.2.5 48.20 255.12 303.32 OK
r-devel-linux-x86_64-debian-gcc 0.2.5 34.55 180.42 214.97 OK
r-devel-linux-x86_64-fedora-clang 0.2.5 367.13 OK
r-devel-linux-x86_64-fedora-gcc 0.2.5 367.69 OK
r-devel-windows-ix86+x86_64 0.2.5 88.00 305.00 393.00 OK
r-devel-windows-ix86+x86_64-gcc8 0.2.5 139.00 383.00 522.00 OK
r-patched-linux-x86_64 0.2.5 41.51 224.72 266.23 OK
r-patched-solaris-x86 0.2.5 355.10 WARN
r-release-linux-x86_64 0.2.5 38.75 227.06 265.81 OK
r-release-windows-ix86+x86_64 0.2.5 89.00 291.00 380.00 OK
r-release-osx-x86_64 0.2.5 OK
r-oldrel-windows-ix86+x86_64 0.2.5 75.00 276.00 351.00 OK
r-oldrel-osx-x86_64 0.2.5 OK

Additional issues

ATLAS

Check Details

Version: 0.2.5
Check: re-building of vignette outputs
Result: WARN
    Error(s) in re-building vignettes:
     ...
    --- re-building ‘RLumModel_-_Getting_started_with_RLumModel.Rmd’ using rmarkdown
    Warning in engine$weave(file, quiet = quiet, encoding = enc) :
     Pandoc (>= 1.12.3) and/or pandoc-citeproc not available. Falling back to R Markdown v1.
    Loading required package: Luminescence
    Loading required package: magrittr
    Welcome to the R package Luminescence version 0.9.7 [Built: 2020-02-10 09:17:19 UTC]
    A fluvially transported quartz grain at night: 'Always look at the bright side of life.'
    --- finished re-building ‘RLumModel_-_Getting_started_with_RLumModel.Rmd’
    
    --- re-building ‘RLumModel_-_Simulating_luminescence_in_Al2O3.Rmd’ using rmarkdown
    Warning in engine$weave(file, quiet = quiet, encoding = enc) :
     Pandoc (>= 1.12.3) and/or pandoc-citeproc not available. Falling back to R Markdown v1.
    Loading required package: Luminescence
    Loading required package: magrittr
    Welcome to the R package Luminescence version 0.9.7 [Built: 2020-02-10 09:17:19 UTC]
    An arbitrary member of the CRAN team: 'No shirt, no shoes, no service!'
    Quitting from lines 125-154 (RLumModel_-_Simulating_luminescence_in_Al2O3.Rmd)
    Error: processing vignette 'RLumModel_-_Simulating_luminescence_in_Al2O3.Rmd' failed with diagnostics:
    subscript out of bounds
    --- failed re-building ‘RLumModel_-_Simulating_luminescence_in_Al2O3.Rmd’
    
    --- re-building ‘RLumModel_-_Using_own_parameter_sets.Rmd’ using rmarkdown
    Warning in engine$weave(file, quiet = quiet, encoding = enc) :
     Pandoc (>= 1.12.3) and/or pandoc-citeproc not available. Falling back to R Markdown v1.
    Loading required package: Luminescence
    Loading required package: magrittr
    Welcome to the R package Luminescence version 0.9.7 [Built: 2020-02-10 09:17:19 UTC]
    The authors of sTeve: 'We love to entertain you.'
    --- finished re-building ‘RLumModel_-_Using_own_parameter_sets.Rmd’
    
    SUMMARY: processing the following file failed:
     ‘RLumModel_-_Simulating_luminescence_in_Al2O3.Rmd’
    
    Error: Vignette re-building failed.
    Execution halted
Flavor: r-patched-solaris-x86