CRAN Package Check Results for Package RKEEL

Last updated on 2021-04-15 09:50:13 CEST.

Flavor Version Tinstall Tcheck Ttotal Status Flags
r-devel-linux-x86_64-debian-clang 1.3.2 105.98 96.02 202.00 OK
r-devel-linux-x86_64-debian-gcc 1.3.2 77.83 71.65 149.48 OK
r-devel-linux-x86_64-fedora-clang 1.3.2 264.02 NOTE
r-devel-linux-x86_64-fedora-gcc 1.3.2 266.48 NOTE
r-devel-windows-ix86+x86_64 1.3.2 153.00 142.00 295.00 OK
r-devel-windows-x86_64-gcc10-UCRT 1.3.2 NOTE
r-patched-linux-x86_64 1.3.2 90.94 91.12 182.06 OK
r-release-linux-x86_64 1.3.2 87.76 92.11 179.87 OK
r-release-macos-x86_64 1.3.2 NOTE
r-release-windows-ix86+x86_64 1.3.2 153.00 140.00 293.00 OK
r-oldrel-macos-x86_64 1.3.2 NOTE
r-oldrel-windows-ix86+x86_64 1.3.2 141.00 103.00 244.00 OK

Check Details

Version: 1.3.2
Check: dependencies in R code
Result: NOTE
    Namespaces in Imports field not imported from:
     ‘Matrix’ ‘arules’ ‘pmml’ ‘rJava’
     All declared Imports should be used.
Flavors: r-devel-linux-x86_64-fedora-clang, r-devel-linux-x86_64-fedora-gcc, r-devel-windows-x86_64-gcc10-UCRT, r-release-macos-x86_64, r-oldrel-macos-x86_64