CRAN Package Check Results for Package RGENERATEPREC

Last updated on 2021-06-22 09:51:51 CEST.

Flavor Version Tinstall Tcheck Ttotal Status Flags
r-devel-linux-x86_64-debian-clang 1.2.8 10.63 252.07 262.70 OK
r-devel-linux-x86_64-debian-gcc 1.2.8 8.70 177.81 186.51 OK
r-devel-linux-x86_64-fedora-clang 1.2.8 302.80 OK
r-devel-linux-x86_64-fedora-gcc 1.2.8 304.09 OK
r-devel-windows-x86_64 1.2.8 16.00 286.00 302.00 OK
r-devel-windows-x86_64-gcc10-UCRT 1.2.8 WARN
r-patched-linux-x86_64 1.2.8 12.70 234.24 246.94 OK
r-patched-solaris-x86 1.2.8 214.50 WARN
r-release-linux-x86_64 1.2.8 9.56 231.55 241.11 OK
r-release-macos-arm64 1.2.8 WARN
r-release-macos-x86_64 1.2.8 WARN
r-release-windows-ix86+x86_64 1.2.8 23.00 310.00 333.00 OK
r-oldrel-macos-x86_64 1.2.8 WARN

Check Details

Version: 1.2.8
Check: package dependencies
Result: NOTE
    Package suggested but not available for checking: 'RefManageR'
Flavor: r-devel-windows-x86_64-gcc10-UCRT

Version: 1.2.8
Check: re-building of vignette outputs
Result: WARN
    Error(s) in re-building vignettes:
    --- re-building 'precipitation_stochastic_generation_v7.Rmd' using rmarkdown
    Loading required package: copula
    Loading required package: RGENERATE
    Loading required package: RMAWGEN
    Loading required package: chron
    Loading required package: date
    Loading required package: vars
    Loading required package: MASS
    Loading required package: strucchange
    Loading required package: zoo
    
    Attaching package: 'zoo'
    
    The following objects are masked from 'package:base':
    
     as.Date, as.Date.numeric
    
    Loading required package: sandwich
    Loading required package: urca
    Loading required package: lmtest
    
    Attaching package: 'vars'
    
    The following object is masked from 'package:copula':
    
     A
    
    Loading required package: blockmatrix
    Loading required package: Matrix
    Loading required package: stringr
    
    Attaching package: 'stringr'
    
    The following object is masked from 'package:strucchange':
    
     boundary
    
    
    Attaching package: 'lubridate'
    
    The following objects are masked from 'package:chron':
    
     days, hours, minutes, seconds, years
    
    The following object is masked from 'package:copula':
    
     interval
    
    The following objects are masked from 'package:base':
    
     date, intersect, setdiff, union
    
    lag
    0
    Hmm... p0 - first argument - must be a matrix of probabilities!!!
    lag
    0
    Hmm... p0 - first argument - must be a matrix of probabilities!!!
    lag
    0
    Hmm... p0 - first argument - must be a matrix of probabilities!!!
    lag
    0
    Hmm... p0 - first argument - must be a matrix of probabilities!!!
    lag
    0
    Hmm... p0 - first argument - must be a matrix of probabilities!!!
    lag
    0
    Hmm... p0 - first argument - must be a matrix of probabilities!!!
    lag
    0
    Hmm... p0 - first argument - must be a matrix of probabilities!!!
    lag
    0
    Hmm... p0 - first argument - must be a matrix of probabilities!!!
    lag
    0
    Hmm... p0 - first argument - must be a matrix of probabilities!!!
    lag
    0
    Hmm... p0 - first argument - must be a matrix of probabilities!!!
    lag
    0
    Hmm... p0 - first argument - must be a matrix of probabilities!!!
    lag
    0
    Hmm... p0 - first argument - must be a matrix of probabilities!!!
    Warning in ks.test(prec_mes[prec_mes$month == m, it1], prec_gen[prec_mes$month == :
     p-value will be approximate in the presence of ties
    Warning in ks.test(prec_mes[prec_mes$month == m, it1], prec_gen[prec_mes$month == :
     p-value will be approximate in the presence of ties
    Warning in ks.test(prec_mes[prec_mes$month == m, it1], prec_gen[prec_mes$month == :
     p-value will be approximate in the presence of ties
    Warning in ks.test(prec_mes[prec_mes$month == m, it1], prec_gen[prec_mes$month == :
     p-value will be approximate in the presence of ties
    Warning in ks.test(prec_mes[prec_mes$month == m, it1], prec_gen[prec_mes$month == :
     p-value will be approximate in the presence of ties
    Warning in ks.test(prec_mes[prec_mes$month == m, it1], prec_gen[prec_mes$month == :
     p-value will be approximate in the presence of ties
    Warning in ks.test(prec_mes[prec_mes$month == m, it1], prec_gen[prec_mes$month == :
     p-value will be approximate in the presence of ties
    Warning in ks.test(prec_mes[prec_mes$month == m, it1], prec_gen[prec_mes$month == :
     p-value will be approximate in the presence of ties
    Warning in ks.test(prec_mes[prec_mes$month == m, it1], prec_gen[prec_mes$month == :
     p-value will be approximate in the presence of ties
    Warning in ks.test(prec_mes[prec_mes$month == m, it1], prec_gen[prec_mes$month == :
     p-value will be approximate in the presence of ties
    Warning in ks.test(prec_mes[prec_mes$month == m, it1], prec_gen[prec_mes$month == :
     p-value will be approximate in the presence of ties
    Warning in ks.test(prec_mes[prec_mes$month == m, it1], prec_gen[prec_mes$month == :
     p-value will be approximate in the presence of ties
    lag
    0
    Hmm... p0 - first argument - must be a matrix of probabilities!!!
    lag
    0
    Hmm... p0 - first argument - must be a matrix of probabilities!!!
    lag
    0
    Hmm... p0 - first argument - must be a matrix of probabilities!!!
    lag
    0
    Hmm... p0 - first argument - must be a matrix of probabilities!!!
    lag
    0
    Hmm... p0 - first argument - must be a matrix of probabilities!!!
    lag
    0
    Hmm... p0 - first argument - must be a matrix of probabilities!!!
    lag
    0
    Hmm... p0 - first argument - must be a matrix of probabilities!!!
    lag
    0
    Hmm... p0 - first argument - must be a matrix of probabilities!!!
    lag
    0
    Hmm... p0 - first argument - must be a matrix of probabilities!!!
    lag
    0
    Hmm... p0 - first argument - must be a matrix of probabilities!!!
    lag
    0
    Hmm... p0 - first argument - must be a matrix of probabilities!!!
    lag
    0
    Hmm... p0 - first argument - must be a matrix of probabilities!!!
    lag
    0
    Hmm... p0 - first argument - must be a matrix of probabilities!!!
    lag
    0
    Hmm... p0 - first argument - must be a matrix of probabilities!!!
    lag
    0
    Hmm... p0 - first argument - must be a matrix of probabilities!!!
    lag
    0
    Hmm... p0 - first argument - must be a matrix of probabilities!!!
    lag
    0
    Hmm... p0 - first argument - must be a matrix of probabilities!!!
    lag
    0
    Hmm... p0 - first argument - must be a matrix of probabilities!!!
    lag
    0
    Hmm... p0 - first argument - must be a matrix of probabilities!!!
    lag
    0
    Hmm... p0 - first argument - must be a matrix of probabilities!!!
    lag
    0
    Hmm... p0 - first argument - must be a matrix of probabilities!!!
    lag
    0
    Hmm... p0 - first argument - must be a matrix of probabilities!!!
    lag
    0
    Hmm... p0 - first argument - must be a matrix of probabilities!!!
    lag
    0
    Hmm... p0 - first argument - must be a matrix of probabilities!!!
    Quitting from lines 776-783 (precipitation_stochastic_generation_v7.Rmd)
    Error: processing vignette 'precipitation_stochastic_generation_v7.Rmd' failed with diagnostics:
    there is no package called 'RefManageR'
    --- failed re-building 'precipitation_stochastic_generation_v7.Rmd'
    
    SUMMARY: processing the following file failed:
     'precipitation_stochastic_generation_v7.Rmd'
    
    Error: Vignette re-building failed.
    Execution halted
Flavor: r-devel-windows-x86_64-gcc10-UCRT

Version: 1.2.8
Check: re-building of vignette outputs
Result: WARN
    Error(s) in re-building vignettes:
     ...
    --- re-building ‘precipitation_stochastic_generation_v7.Rmd’ using rmarkdown
    Warning in engine$weave(file, quiet = quiet, encoding = enc) :
     Pandoc (>= 1.12.3) not available. Falling back to R Markdown v1.
    Loading required package: copula
    Loading required package: RGENERATE
    Loading required package: RMAWGEN
    Loading required package: chron
    Loading required package: date
    Loading required package: vars
    Loading required package: MASS
    Loading required package: strucchange
    Loading required package: zoo
    
    Attaching package: 'zoo'
    
    The following objects are masked from 'package:base':
    
     as.Date, as.Date.numeric
    
    Loading required package: sandwich
    Loading required package: urca
    Loading required package: lmtest
    
    Attaching package: 'vars'
    
    The following object is masked from 'package:copula':
    
     A
    
    Loading required package: blockmatrix
    Loading required package: Matrix
    Loading required package: stringr
    
    Attaching package: 'stringr'
    
    The following object is masked from 'package:strucchange':
    
     boundary
    
    
    Attaching package: 'lubridate'
    
    The following objects are masked from 'package:chron':
    
     days, hours, minutes, seconds, years
    
    The following object is masked from 'package:copula':
    
     interval
    
    The following objects are masked from 'package:base':
    
     date, intersect, setdiff, union
    
    Quitting from lines 50-63 (precipitation_stochastic_generation_v7.Rmd)
    Error: processing vignette 'precipitation_stochastic_generation_v7.Rmd' failed with diagnostics:
    there is no package called 'webshot'
    --- failed re-building ‘precipitation_stochastic_generation_v7.Rmd’
    
    SUMMARY: processing the following file failed:
     ‘precipitation_stochastic_generation_v7.Rmd’
    
    Error: Vignette re-building failed.
    Execution halted
Flavor: r-patched-solaris-x86

Version: 1.2.8
Check: re-building of vignette outputs
Result: WARN
    Error(s) in re-building vignettes:
    --- re-building ‘precipitation_stochastic_generation_v7.Rmd’ using rmarkdown
    Warning in engine$weave(file, quiet = quiet, encoding = enc) :
     Pandoc (>= 1.12.3) not available. Falling back to R Markdown v1.
    Loading required package: copula
    Loading required package: RGENERATE
    Loading required package: RMAWGEN
    Loading required package: chron
    Loading required package: date
    Loading required package: vars
    Loading required package: MASS
    Loading required package: strucchange
    Loading required package: zoo
    
    Attaching package: 'zoo'
    
    The following objects are masked from 'package:base':
    
     as.Date, as.Date.numeric
    
    Loading required package: sandwich
    Loading required package: urca
    Loading required package: lmtest
    
    Attaching package: 'vars'
    
    The following object is masked from 'package:copula':
    
     A
    
    Loading required package: blockmatrix
    Loading required package: Matrix
    Loading required package: stringr
    
    Attaching package: 'stringr'
    
    The following object is masked from 'package:strucchange':
    
     boundary
    
    
    Attaching package: 'lubridate'
    
    The following objects are masked from 'package:chron':
    
     days, hours, minutes, seconds, years
    
    The following object is masked from 'package:copula':
    
     interval
    
    The following objects are masked from 'package:base':
    
     date, intersect, setdiff, union
    
    PhantomJS not found. You can install it with webshot::install_phantomjs(). If it is installed, please make sure the phantomjs executable can be found via the PATH variable.
    PhantomJS not found. You can install it with webshot::install_phantomjs(). If it is installed, please make sure the phantomjs executable can be found via the PATH variable.
    Quitting from lines 50-63 (precipitation_stochastic_generation_v7.Rmd)
    Error: processing vignette 'precipitation_stochastic_generation_v7.Rmd' failed with diagnostics:
    invalid 'path' argument
    --- failed re-building ‘precipitation_stochastic_generation_v7.Rmd’
    
    SUMMARY: processing the following file failed:
     ‘precipitation_stochastic_generation_v7.Rmd’
    
    Error: Vignette re-building failed.
    Execution halted
Flavors: r-release-macos-arm64, r-release-macos-x86_64

Version: 1.2.8
Check: re-building of vignette outputs
Result: WARN
    Error(s) in re-building vignettes:
    --- re-building ‘precipitation_stochastic_generation_v7.Rmd’ using rmarkdown
    Warning in engine$weave(file, quiet = quiet, encoding = enc) :
     Pandoc (>= 1.12.3) and/or pandoc-citeproc not available. Falling back to R Markdown v1.
    Loading required package: copula
    Loading required package: RGENERATE
    Loading required package: RMAWGEN
    Loading required package: chron
    Loading required package: date
    Loading required package: vars
    Loading required package: MASS
    Loading required package: strucchange
    Loading required package: zoo
    
    Attaching package: 'zoo'
    
    The following objects are masked from 'package:base':
    
     as.Date, as.Date.numeric
    
    Loading required package: sandwich
    Loading required package: urca
    Loading required package: lmtest
    
    Attaching package: 'vars'
    
    The following object is masked from 'package:copula':
    
     A
    
    Loading required package: blockmatrix
    Loading required package: Matrix
    Loading required package: stringr
    
    Attaching package: 'stringr'
    
    The following object is masked from 'package:strucchange':
    
     boundary
    
    
    Attaching package: 'lubridate'
    
    The following objects are masked from 'package:chron':
    
     days, hours, minutes, seconds, years
    
    The following object is masked from 'package:copula':
    
     interval
    
    The following objects are masked from 'package:base':
    
     date, intersect, setdiff, union
    
    PhantomJS not found. You can install it with webshot::install_phantomjs(). If it is installed, please make sure the phantomjs executable can be found via the PATH variable.
    Warning in normalizePath(f2) :
     path[1]="webshot12294165f98a2.png": No such file or directory
    Warning in file(con, "rb") :
     cannot open file 'webshot12294165f98a2.png': No such file or directory
    Quitting from lines 50-63 (precipitation_stochastic_generation_v7.Rmd)
    Error: processing vignette 'precipitation_stochastic_generation_v7.Rmd' failed with diagnostics:
    cannot open the connection
    --- failed re-building ‘precipitation_stochastic_generation_v7.Rmd’
    
    SUMMARY: processing the following file failed:
     ‘precipitation_stochastic_generation_v7.Rmd’
    
    Error: Vignette re-building failed.
    Execution halted
Flavor: r-oldrel-macos-x86_64