CRAN Package Check Results for Package RFmerge

Last updated on 2021-06-16 09:53:35 CEST.

Flavor Version Tinstall Tcheck Ttotal Status Flags
r-devel-linux-x86_64-debian-clang 0.1-10 11.75 256.79 268.54 OK
r-devel-linux-x86_64-debian-gcc 0.1-10 7.41 189.33 196.74 OK
r-devel-linux-x86_64-fedora-clang 0.1-10 320.25 OK
r-devel-linux-x86_64-fedora-gcc 0.1-10 305.90 OK
r-devel-windows-x86_64 0.1-10 17.00 245.00 262.00 OK
r-devel-windows-x86_64-gcc10-UCRT 0.1-10 ERROR
r-patched-linux-x86_64 0.1-10 11.05 243.65 254.70 OK
r-patched-solaris-x86 0.1-10 399.50 OK
r-release-linux-x86_64 0.1-10 9.76 237.68 247.44 OK
r-release-macos-arm64 0.1-10 OK
r-release-macos-x86_64 0.1-10 OK
r-release-windows-ix86+x86_64 0.1-10 25.00 243.00 268.00 OK
r-oldrel-macos-x86_64 0.1-10 OK
r-oldrel-windows-ix86+x86_64 0.1-10 16.00 259.00 275.00 OK

Check Details

Version: 0.1-10
Check: package dependencies
Result: ERROR
    Package required but not available: 'sf'
    
    See section 'The DESCRIPTION file' in the 'Writing R Extensions'
    manual.
Flavor: r-devel-windows-x86_64-gcc10-UCRT