CRAN Package Check Results for Package REPPlab

Last updated on 2021-06-16 09:53:35 CEST.

Flavor Version Tinstall Tcheck Ttotal Status Flags
r-devel-linux-x86_64-debian-clang 0.9.4 4.13 64.35 68.48 OK
r-devel-linux-x86_64-debian-gcc 0.9.4 3.63 50.13 53.76 OK
r-devel-linux-x86_64-fedora-clang 0.9.4 96.14 OK
r-devel-linux-x86_64-fedora-gcc 0.9.4 82.03 OK
r-devel-windows-x86_64 0.9.4 8.00 86.00 94.00 OK
r-devel-windows-x86_64-gcc10-UCRT 0.9.4 OK
r-patched-linux-x86_64 0.9.4 5.34 63.48 68.82 OK
r-patched-solaris-x86 0.9.4 124.10 OK
r-release-linux-x86_64 0.9.4 4.31 62.63 66.94 OK
r-release-macos-arm64 0.9.4 ERROR
r-release-macos-x86_64 0.9.4 OK
r-release-windows-ix86+x86_64 0.9.4 10.00 90.00 100.00 OK
r-oldrel-macos-x86_64 0.9.4 OK
r-oldrel-windows-ix86+x86_64 0.9.4 8.00 88.00 96.00 OK

Check Details

Version: 0.9.4
Check: whether package can be installed
Result: ERROR
    Installation failed.
Flavor: r-release-macos-arm64