CRAN Package Check Results for Package RCzechia

Last updated on 2020-03-30 20:48:39 CEST.

Flavor Version Tinstall Tcheck Ttotal Status Flags
r-devel-linux-x86_64-debian-clang 1.4.5 4.99 269.96 274.95 ERROR
r-devel-linux-x86_64-debian-gcc 1.4.5 4.17 193.93 198.10 OK
r-devel-linux-x86_64-fedora-clang 1.4.5 344.27 OK
r-devel-linux-x86_64-fedora-gcc 1.4.5 327.10 OK
r-devel-windows-ix86+x86_64 1.4.5 12.00 326.00 338.00 OK
r-devel-windows-ix86+x86_64-gcc8 1.4.5 13.00 325.00 338.00 OK
r-patched-linux-x86_64 1.4.5 5.22 260.20 265.42 OK
r-patched-solaris-x86 1.4.5 565.20 OK
r-release-linux-x86_64 1.4.5 4.19 250.03 254.22 OK
r-release-windows-ix86+x86_64 1.4.5 19.00 431.00 450.00 OK
r-release-osx-x86_64 1.4.5 OK
r-oldrel-windows-ix86+x86_64 1.4.5 11.00 427.00 438.00 OK
r-oldrel-osx-x86_64 1.4.5 OK

Check Details

Version: 1.4.5
Check: examples
Result: ERROR
    Running examples in 'RCzechia-Ex.R' failed
    The error most likely occurred in:
    
    > base::assign(".ptime", proc.time(), pos = "CheckExEnv")
    > ### Name: geocode
    > ### Title: Geocode a Czech Address
    > ### Aliases: geocode
    >
    > ### ** Examples
    >
    > <ERROR: re-encoding failure from encoding 'UTF-8'>
    asdf <- geocode("Pod sídlišt...
    + print(asdf)
    +
    +
    +
    + base::assign(".dptime", (proc.time() - get(".ptime", pos = "CheckExEnv")), pos = "CheckExEnv")
    Error: unexpected symbol in:
    "
    base::assign(".dptime"
    Execution halted
Flavor: r-devel-linux-x86_64-debian-clang