CRAN Package Check Results for Package RAthena

Last updated on 2020-05-29 17:49:14 CEST.

Flavor Version Tinstall Tcheck Ttotal Status Flags
r-devel-linux-x86_64-debian-clang 1.9.0 11.80 96.50 108.30 OK
r-devel-linux-x86_64-debian-gcc 1.9.0 10.31 74.31 84.62 OK
r-devel-linux-x86_64-fedora-clang 1.9.0 148.24 NOTE
r-devel-linux-x86_64-fedora-gcc 1.9.0 136.74 NOTE
r-devel-windows-ix86+x86_64 1.9.0 28.00 179.00 207.00 OK
r-patched-linux-x86_64 1.9.0 11.49 95.40 106.89 OK
r-patched-solaris-x86 1.9.0 183.00 NOTE
r-release-linux-x86_64 1.9.0 11.38 95.87 107.25 OK
r-release-osx-x86_64 1.9.0 OK
r-release-windows-ix86+x86_64 1.9.0 24.00 143.00 167.00 OK
r-oldrel-osx-x86_64 1.9.0 OK
r-oldrel-windows-ix86+x86_64 1.9.0 18.00 127.00 145.00 OK

Check Details

Version: 1.9.0
Check: package dependencies
Result: NOTE
    Package suggested but not available for checking: ‘arrow’
Flavors: r-devel-linux-x86_64-fedora-clang, r-devel-linux-x86_64-fedora-gcc, r-patched-solaris-x86