CRAN Package Check Results for Package R2ucare

Last updated on 2021-06-20 09:50:02 CEST.

Flavor Version Tinstall Tcheck Ttotal Status Flags
r-devel-linux-x86_64-debian-clang 1.0.0 5.18 481.44 486.62 NOTE
r-devel-linux-x86_64-debian-gcc 1.0.0 3.99 332.31 336.30 NOTE
r-devel-linux-x86_64-fedora-clang 1.0.0 545.95 NOTE
r-devel-linux-x86_64-fedora-gcc 1.0.0 544.02 NOTE
r-devel-windows-x86_64 1.0.0 9.00 397.00 406.00 NOTE
r-devel-windows-x86_64-gcc10-UCRT 1.0.0 NOTE
r-patched-linux-x86_64 1.0.0 4.18 458.47 462.65 NOTE
r-release-linux-x86_64 1.0.0 4.44 454.56 459.00 NOTE
r-release-macos-arm64 1.0.0 NOTE
r-release-macos-x86_64 1.0.0 NOTE
r-release-windows-ix86+x86_64 1.0.0 9.00 545.00 554.00 NOTE
r-oldrel-macos-x86_64 1.0.0 OK
r-oldrel-windows-ix86+x86_64 1.0.0 7.00 525.00 532.00 OK

Check Details

Version: 1.0.0
Check: LazyData
Result: NOTE
     'LazyData' is specified without a 'data' directory
Flavors: r-devel-linux-x86_64-debian-clang, r-devel-linux-x86_64-debian-gcc, r-devel-linux-x86_64-fedora-clang, r-devel-linux-x86_64-fedora-gcc, r-devel-windows-x86_64, r-devel-windows-x86_64-gcc10-UCRT, r-patched-linux-x86_64, r-release-linux-x86_64, r-release-macos-arm64, r-release-macos-x86_64, r-release-windows-ix86+x86_64