CRAN Package Check Results for Package R2WinBUGS

Last updated on 2020-03-30 20:48:39 CEST.

Flavor Version Tinstall Tcheck Ttotal Status Flags
r-devel-linux-x86_64-debian-clang 2.1-21 4.17 41.90 46.07 NOTE
r-devel-linux-x86_64-debian-gcc 2.1-21 3.60 32.78 36.38 NOTE
r-devel-linux-x86_64-fedora-clang 2.1-21 57.47 OK
r-devel-linux-x86_64-fedora-gcc 2.1-21 56.95 OK
r-devel-windows-ix86+x86_64 2.1-21 9.00 52.00 61.00 OK
r-devel-windows-ix86+x86_64-gcc8 2.1-21 10.00 56.00 66.00 OK
r-patched-linux-x86_64 2.1-21 3.90 41.00 44.90 NOTE
r-patched-solaris-x86 2.1-21 83.30 NOTE
r-release-linux-x86_64 2.1-21 4.20 38.93 43.13 NOTE
r-release-windows-ix86+x86_64 2.1-21 11.00 58.00 69.00 OK
r-release-osx-x86_64 2.1-21 NOTE
r-oldrel-windows-ix86+x86_64 2.1-21 8.00 75.00 83.00 OK
r-oldrel-osx-x86_64 2.1-21 NOTE

Check Details

Version: 2.1-21
Check: R code for possible problems
Result: NOTE
    Found the following calls to attach():
    File 'R2WinBUGS/R/attach.all.R':
     attach(x, name = name)
    See section 'Good practice' in '?attach'.
Flavors: r-devel-linux-x86_64-debian-clang, r-devel-linux-x86_64-debian-gcc, r-patched-linux-x86_64, r-release-linux-x86_64

Version: 2.1-21
Check: package dependencies
Result: NOTE
    Package suggested but not available for checking: ‘BRugs’
Flavors: r-patched-solaris-x86, r-release-osx-x86_64, r-oldrel-osx-x86_64

Version: 2.1-21
Check: Rd cross-references
Result: NOTE
    Package unavailable to check Rd xrefs: ‘BRugs’
Flavors: r-patched-solaris-x86, r-release-osx-x86_64, r-oldrel-osx-x86_64