CRAN Package Check Results for Package R2SWF

Last updated on 2021-04-15 09:50:11 CEST.

Flavor Version Tinstall Tcheck Ttotal Status Flags
r-devel-linux-x86_64-debian-clang 0.9-5 28.13 31.22 59.35 OK
r-devel-linux-x86_64-debian-gcc 0.9-5 15.75 24.27 40.02 OK
r-devel-linux-x86_64-fedora-clang 0.9-5 82.16 OK
r-devel-linux-x86_64-fedora-gcc 0.9-5 65.25 OK
r-devel-windows-ix86+x86_64 0.9-5 69.00 69.00 138.00 OK
r-devel-windows-x86_64-gcc10-UCRT 0.9-5 OK
r-patched-linux-x86_64 0.9-5 18.48 29.70 48.18 OK
r-patched-solaris-x86 0.9-5 92.40 OK
r-release-linux-x86_64 0.9-5 18.06 29.68 47.74 OK
r-release-macos-x86_64 0.9-5 NOTE
r-release-windows-ix86+x86_64 0.9-5 56.00 65.00 121.00 OK
r-oldrel-macos-x86_64 0.9-5 OK
r-oldrel-windows-ix86+x86_64 0.9-5 67.00 47.00 114.00 OK

Check Details

Version: 0.9-5
Check: installed package size
Result: NOTE
     installed size is 5.0Mb
     sub-directories of 1Mb or more:
     libs 4.9Mb
Flavor: r-release-macos-x86_64