CRAN Package Check Results for Package Qtools

Last updated on 2020-02-21 17:47:57 CET.

Flavor Version Tinstall Tcheck Ttotal Status Flags
r-devel-linux-x86_64-debian-clang 1.5.1 38.33 141.84 180.17 OK
r-devel-linux-x86_64-debian-gcc 1.5.1 28.19 108.45 136.64 OK
r-devel-linux-x86_64-fedora-clang 1.5.1 220.85 OK
r-devel-linux-x86_64-fedora-gcc 1.5.1 218.10 OK
r-devel-windows-ix86+x86_64 1.5.1 70.00 181.00 251.00 OK
r-devel-windows-ix86+x86_64-gcc8 1.5.1 111.00 269.00 380.00 OK
r-patched-linux-x86_64 1.5.1 32.40 122.78 155.18 OK
r-patched-solaris-x86 1.5.1 240.60 WARN
r-release-linux-x86_64 1.5.1 31.12 122.29 153.41 OK
r-release-windows-ix86+x86_64 1.5.1 67.00 188.00 255.00 OK
r-release-osx-x86_64 1.5.1 WARN
r-oldrel-windows-ix86+x86_64 1.5.1 53.00 164.00 217.00 OK
r-oldrel-osx-x86_64 1.5.1 WARN

Check Details

Version: 1.5.1
Check: re-building of vignette outputs
Result: WARN
    Error(s) in re-building vignettes:
     ...
    --- re-building ‘Qtools.Rmd’ using rmarkdown
    Warning in engine$weave(file, quiet = quiet, encoding = enc) :
     Pandoc (>= 1.12.3) and/or pandoc-citeproc not available. Falling back to R Markdown v1.
    Quitting from lines 124-146 (Qtools.Rmd)
    Error: processing vignette 'Qtools.Rmd' failed with diagnostics:
    argument is of length zero
    --- failed re-building ‘Qtools.Rmd’
    
    SUMMARY: processing the following file failed:
     ‘Qtools.Rmd’
    
    Error: Vignette re-building failed.
    Execution halted
Flavors: r-patched-solaris-x86, r-release-osx-x86_64

Version: 1.5.1
Check: re-building of vignette outputs
Result: WARN
    Error in re-building vignettes:
     ...
    Warning in engine$weave(file, quiet = quiet, encoding = enc) :
     Pandoc (>= 1.12.3) and/or pandoc-citeproc not available. Falling back to R Markdown v1.
    Quitting from lines 124-146 (Qtools.Rmd)
    Error: processing vignette 'Qtools.Rmd' failed with diagnostics:
    argument is of length zero
    Execution halted
Flavor: r-oldrel-osx-x86_64