CRAN Package Check Results for Package ProbReco

Last updated on 2021-04-15 09:50:10 CEST.

Flavor Version Tinstall Tcheck Ttotal Status Flags
r-devel-linux-x86_64-debian-clang 0.1.0.1 51.26 70.07 121.33 OK
r-devel-linux-x86_64-debian-gcc 0.1.0.1 41.75 52.56 94.31 OK
r-devel-linux-x86_64-fedora-clang 0.1.0.1 175.05 NOTE
r-devel-linux-x86_64-fedora-gcc 0.1.0.1 170.90 NOTE
r-devel-windows-ix86+x86_64 0.1.0.1 145.00 131.00 276.00 OK
r-devel-windows-x86_64-gcc10-UCRT 0.1.0.1 NOTE
r-patched-linux-x86_64 0.1.0.1 49.84 71.82 121.66 OK
r-patched-solaris-x86 0.1.0.1 190.00 NOTE
r-release-linux-x86_64 0.1.0.1 50.75 71.74 122.49 OK
r-release-macos-x86_64 0.1.0.1 NOTE
r-release-windows-ix86+x86_64 0.1.0.1 130.00 139.00 269.00 OK
r-oldrel-macos-x86_64 0.1.0.1 NOTE
r-oldrel-windows-ix86+x86_64 0.1.0.1 140.00 91.00 231.00 OK

Check Details

Version: 0.1.0.1
Check: installed package size
Result: NOTE
     installed size is 11.9Mb
     sub-directories of 1Mb or more:
     libs 11.6Mb
Flavors: r-devel-linux-x86_64-fedora-clang, r-release-macos-x86_64, r-oldrel-macos-x86_64

Version: 0.1.0.1
Check: dependencies in R code
Result: NOTE
    Namespace in Imports field not imported from: ‘Rdpack’
     All declared Imports should be used.
Flavors: r-devel-linux-x86_64-fedora-clang, r-devel-linux-x86_64-fedora-gcc, r-devel-windows-x86_64-gcc10-UCRT, r-patched-solaris-x86, r-release-macos-x86_64, r-oldrel-macos-x86_64