CRAN Package Check Results for Package ProSGPV

Last updated on 2021-04-15 09:50:11 CEST.

Flavor Version Tinstall Tcheck Ttotal Status Flags
r-devel-linux-x86_64-debian-clang 0.1.0 6.66 69.19 75.85 OK
r-devel-linux-x86_64-debian-gcc 0.1.0 6.64 52.89 59.53 OK
r-devel-linux-x86_64-fedora-clang 0.1.0 100.51 OK
r-devel-linux-x86_64-fedora-gcc 0.1.0 89.12 OK
r-devel-windows-ix86+x86_64 0.1.0 17.00 90.00 107.00 OK
r-devel-windows-x86_64-gcc10-UCRT 0.1.0 OK
r-patched-linux-x86_64 0.1.0 6.98 64.28 71.26 OK
r-patched-solaris-x86 0.1.0 132.20 OK
r-release-linux-x86_64 0.1.0 7.17 63.68 70.85 OK
r-release-macos-x86_64 0.1.0 OK
r-release-windows-ix86+x86_64 0.1.0 16.00 87.00 103.00 OK
r-oldrel-macos-x86_64 0.1.0 NOTE
r-oldrel-windows-ix86+x86_64 0.1.0 16.00 58.00 74.00 NOTE

Check Details

Version: 0.1.0
Check: R code for possible problems
Result: NOTE
    plot.sgpv: no visible global function definition for ‘plot’
    Undefined global functions or variables:
     plot
    Consider adding
     importFrom("graphics", "plot")
    to your NAMESPACE file.
Flavors: r-oldrel-macos-x86_64, r-oldrel-windows-ix86+x86_64