CRAN Package Check Results for Package ProFound

Last updated on 2020-03-30 20:48:38 CEST.

Flavor Version Tinstall Tcheck Ttotal Status Flags
r-devel-linux-x86_64-debian-clang 1.3.4 42.57 83.44 126.01 OK
r-devel-linux-x86_64-debian-gcc 1.3.4 25.50 64.80 90.30 OK
r-devel-linux-x86_64-fedora-clang 1.3.4 154.21 OK
r-devel-linux-x86_64-fedora-gcc 1.3.4 145.86 OK
r-devel-windows-ix86+x86_64 1.3.4 58.00 111.00 169.00 OK
r-devel-windows-ix86+x86_64-gcc8 1.3.4 67.00 119.00 186.00 NOTE
r-patched-linux-x86_64 1.3.4 30.93 81.66 112.59 OK
r-patched-solaris-x86 1.3.4 192.70 OK
r-release-linux-x86_64 1.3.4 30.42 77.14 107.56 OK
r-release-windows-ix86+x86_64 1.3.4 90.00 165.00 255.00 OK
r-release-osx-x86_64 1.3.4 NOTE
r-oldrel-windows-ix86+x86_64 1.3.4 80.00 144.00 224.00 OK
r-oldrel-osx-x86_64 1.3.4 OK

Check Details

Version: 1.3.4
Check: installed package size
Result: NOTE
     installed size is 5.2Mb
     sub-directories of 1Mb or more:
     data 1.7Mb
     libs 2.1Mb
Flavor: r-devel-windows-ix86+x86_64-gcc8

Version: 1.3.4
Check: package dependencies
Result: NOTE
    Package suggested but not available for checking: ‘EBImage’
Flavor: r-release-osx-x86_64