CRAN Package Check Results for Package PhyInformR

Last updated on 2020-03-30 20:48:36 CEST.

Flavor Version Tinstall Tcheck Ttotal Status Flags
r-devel-linux-x86_64-debian-clang 1.0 12.13 80.56 92.69 NOTE
r-devel-linux-x86_64-debian-gcc 1.0 9.73 60.88 70.61 NOTE
r-devel-linux-x86_64-fedora-clang 1.0 108.69 NOTE
r-devel-linux-x86_64-fedora-gcc 1.0 105.72 NOTE
r-devel-windows-ix86+x86_64 1.0 30.00 93.00 123.00 OK
r-devel-windows-ix86+x86_64-gcc8 1.0 21.00 82.00 103.00 OK
r-patched-linux-x86_64 1.0 12.38 75.73 88.11 NOTE
r-patched-solaris-x86 1.0 167.80 NOTE
r-release-linux-x86_64 1.0 10.68 72.39 83.07 OK
r-release-windows-ix86+x86_64 1.0 35.00 110.00 145.00 OK
r-release-osx-x86_64 1.0 FAIL
r-oldrel-windows-ix86+x86_64 1.0 24.00 117.00 141.00 OK
r-oldrel-osx-x86_64 1.0 NOTE

Check Details

Version: 1.0
Check: for non-standard things in the check directory
Result: NOTE
    Found the following files/directories:
     'output_values'
Flavors: r-devel-linux-x86_64-debian-clang, r-devel-linux-x86_64-debian-gcc, r-devel-linux-x86_64-fedora-clang, r-devel-linux-x86_64-fedora-gcc, r-patched-linux-x86_64, r-patched-solaris-x86

Version: 1.0
Check: dependencies in R code
Result: NOTE
    Namespaces in Imports field not imported from:
     ‘gplots’ ‘phytools’
     All declared Imports should be used.
Flavors: r-devel-linux-x86_64-fedora-clang, r-devel-linux-x86_64-fedora-gcc, r-patched-solaris-x86, r-oldrel-osx-x86_64

Version: 1.0
Check: whether package can be installed
Result: FAIL
Flavor: r-release-osx-x86_64