CRAN Package Check Results for Package Peptides

Last updated on 2021-06-15 09:52:56 CEST.

Flavor Version Tinstall Tcheck Ttotal Status Flags
r-devel-linux-x86_64-debian-clang 2.4.4 22.95 37.44 60.39 OK
r-devel-linux-x86_64-debian-gcc 2.4.4 11.80 28.73 40.53 OK
r-devel-linux-x86_64-fedora-clang 2.4.4 83.22 OK
r-devel-linux-x86_64-fedora-gcc 2.4.4 67.65 OK
r-devel-windows-x86_64 2.4.4 27.00 65.00 92.00 OK
r-devel-windows-x86_64-gcc10-UCRT 2.4.4 OK
r-patched-linux-x86_64 2.4.4 16.38 35.84 52.22 OK
r-patched-solaris-x86 2.4.4 87.60 OK
r-release-linux-x86_64 2.4.4 16.80 35.93 52.73 OK
r-release-macos-arm64 2.4.4 OK
r-release-macos-x86_64 2.4.4 OK
r-release-windows-ix86+x86_64 2.4.4 47.00 86.00 133.00 NOTE
r-oldrel-macos-x86_64 2.4.4 OK
r-oldrel-windows-ix86+x86_64 2.4.4 38.00 87.00 125.00 NOTE

Check Details

Version: 2.4.4
Check: installed package size
Result: NOTE
     installed size is 5.5Mb
     sub-directories of 1Mb or more:
     libs 2.0Mb
     xvg-files 3.2Mb
Flavors: r-release-windows-ix86+x86_64, r-oldrel-windows-ix86+x86_64