CRAN Package Check Results for Package PenCoxFrail

Last updated on 2021-06-22 09:51:46 CEST.

Flavor Version Tinstall Tcheck Ttotal Status Flags
r-devel-linux-x86_64-debian-clang 1.0.1 38.69 68.99 107.68 OK
r-devel-linux-x86_64-debian-gcc 1.0.1 22.68 52.88 75.56 OK
r-devel-linux-x86_64-fedora-clang 1.0.1 145.29 NOTE
r-devel-linux-x86_64-fedora-gcc 1.0.1 129.74 NOTE
r-devel-windows-x86_64 1.0.1 48.00 90.00 138.00 OK
r-devel-windows-x86_64-gcc10-UCRT 1.0.1 OK
r-patched-linux-x86_64 1.0.1 31.05 67.08 98.13 OK
r-patched-solaris-x86 1.0.1 163.60 OK
r-release-linux-x86_64 1.0.1 33.12 67.00 100.12 OK
r-release-macos-arm64 1.0.1 OK
r-release-macos-x86_64 1.0.1 OK
r-release-windows-ix86+x86_64 1.0.1 88.00 96.00 184.00 OK
r-oldrel-macos-x86_64 1.0.1 OK

Check Details

Version: 1.0.1
Check: compiled code
Result: NOTE
    File ‘PenCoxFrail/libs/PenCoxFrail.so’:
     Found no calls to: ‘R_registerRoutines’, ‘R_useDynamicSymbols’
    
    It is good practice to register native routines and to disable symbol
    search.
    
    See ‘Writing portable packages’ in the ‘Writing R Extensions’ manual.
Flavors: r-devel-linux-x86_64-fedora-clang, r-devel-linux-x86_64-fedora-gcc