CRAN Package Check Results for Package Patterns

Last updated on 2020-05-28 03:48:35 CEST.

Flavor Version Tinstall Tcheck Ttotal Status Flags
r-devel-linux-x86_64-debian-clang 1.2 13.43 136.56 149.99 OK
r-devel-linux-x86_64-debian-gcc 1.2 10.39 106.45 116.84 OK
r-devel-linux-x86_64-fedora-clang 1.2 206.23 NOTE
r-devel-linux-x86_64-fedora-gcc 1.2 195.55 NOTE
r-devel-windows-ix86+x86_64 1.2 42.00 212.00 254.00 OK
r-patched-linux-x86_64 1.2 12.83 135.53 148.36 OK
r-patched-solaris-x86 1.2 277.50 NOTE
r-release-linux-x86_64 1.2 13.26 135.54 148.80 OK
r-release-osx-x86_64 1.2 ERROR
r-release-windows-ix86+x86_64 1.2 34.00 221.00 255.00 OK
r-oldrel-osx-x86_64 1.2 ERROR
r-oldrel-windows-ix86+x86_64 1.2 24.00 150.00 174.00 OK

Check Details

Version: 1.2
Check: package dependencies
Result: NOTE
    Imports includes 27 non-default packages.
    Importing from so many packages makes the package vulnerable to any of
    them becoming unavailable. Move as many as possible to Suggests and
    use conditionally.
Flavor: r-devel-linux-x86_64-fedora-clang

Version: 1.2
Check: dependencies in R code
Result: NOTE
    Namespaces in Imports field not imported from:
     ‘Biobase’ ‘KernSmooth’ ‘Mfuzz’ ‘SelectBoost’ ‘animation’ ‘c060’
     ‘cluster’ ‘gplots’ ‘grid’ ‘jetset’
     All declared Imports should be used.
Flavors: r-devel-linux-x86_64-fedora-clang, r-devel-linux-x86_64-fedora-gcc, r-patched-solaris-x86

Version: 1.2
Check: package dependencies
Result: ERROR
    Package required but not available: ‘Mfuzz’
    
    See section ‘The DESCRIPTION file’ in the ‘Writing R Extensions’
    manual.
Flavor: r-release-osx-x86_64

Version: 1.2
Check: package dependencies
Result: ERROR
    Packages required but not available: 'jetset', 'Mfuzz', 'WGCNA'
    
    See section ‘The DESCRIPTION file’ in the ‘Writing R Extensions’
    manual.
Flavor: r-oldrel-osx-x86_64