CRAN Package Check Results for Package ParBayesianOptimization

Last updated on 2020-03-30 20:48:35 CEST.

Flavor Version Tinstall Tcheck Ttotal Status Flags
r-devel-linux-x86_64-debian-clang 1.1.0 7.10 185.91 193.01 OK
r-devel-linux-x86_64-debian-gcc 1.1.0 5.82 126.55 132.37 OK
r-devel-linux-x86_64-fedora-clang 1.1.0 178.51 NOTE
r-devel-linux-x86_64-fedora-gcc 1.1.0 148.61 NOTE
r-devel-windows-ix86+x86_64 1.1.0 16.00 126.00 142.00 OK
r-devel-windows-ix86+x86_64-gcc8 1.1.0 16.00 131.00 147.00 OK
r-patched-linux-x86_64 1.1.0 6.41 133.45 139.86 OK
r-patched-solaris-x86 1.1.0 189.70 NOTE
r-release-linux-x86_64 1.1.0 5.01 125.28 130.29 OK
r-release-windows-ix86+x86_64 1.1.0 13.00 159.00 172.00 OK
r-release-osx-x86_64 1.1.0 NOTE
r-oldrel-windows-ix86+x86_64 1.1.0 13.00 181.00 194.00 OK
r-oldrel-osx-x86_64 1.1.0 NOTE

Check Details

Version: 1.1.0
Check: dependencies in R code
Result: NOTE
    Namespace in Imports field not imported from: ‘plotly’
     All declared Imports should be used.
Flavors: r-devel-linux-x86_64-fedora-clang, r-devel-linux-x86_64-fedora-gcc, r-patched-solaris-x86, r-release-osx-x86_64, r-oldrel-osx-x86_64