CRAN Package Check Results for Package PakPC2017

Last updated on 2020-07-06 21:50:33 CEST.

Flavor Version Tinstall Tcheck Ttotal Status Flags
r-devel-linux-x86_64-debian-clang 1.0.0 6.53 40.68 47.21 OK
r-devel-linux-x86_64-debian-gcc 1.0.0 5.27 32.23 37.50 OK
r-devel-linux-x86_64-fedora-clang 1.0.0 67.45 NOTE
r-devel-linux-x86_64-fedora-gcc 1.0.0 57.76 NOTE
r-devel-windows-ix86+x86_64 1.0.0 21.00 75.00 96.00 OK
r-patched-linux-x86_64 1.0.0 6.06 40.43 46.49 OK
r-patched-solaris-x86 1.0.0 88.00 NOTE
r-release-linux-x86_64 1.0.0 6.78 39.96 46.74 OK
r-release-osx-x86_64 1.0.0 NOTE
r-release-windows-ix86+x86_64 1.0.0 13.00 54.00 67.00 OK
r-oldrel-osx-x86_64 1.0.0 NOTE
r-oldrel-windows-ix86+x86_64 1.0.0 26.00 78.00 104.00 OK

Check Details

Version: 1.0.0
Check: dependencies in R code
Result: NOTE
    Namespace in Imports field not imported from: ‘stats’
     All declared Imports should be used.
Flavors: r-devel-linux-x86_64-fedora-clang, r-devel-linux-x86_64-fedora-gcc, r-patched-solaris-x86, r-release-osx-x86_64, r-oldrel-osx-x86_64