CRAN Package Check Results for Package Pade

Last updated on 2020-07-06 21:50:33 CEST.

Flavor Version Tinstall Tcheck Ttotal Status Flags
r-devel-linux-x86_64-debian-clang 1.0.1 1.78 20.82 22.60 OK
r-devel-linux-x86_64-debian-gcc 1.0.1 1.44 16.86 18.30 OK
r-devel-linux-x86_64-fedora-clang 1.0.1 36.44 NOTE
r-devel-linux-x86_64-fedora-gcc 1.0.1 27.11 OK
r-devel-windows-ix86+x86_64 1.0.1 6.00 47.00 53.00 OK
r-patched-linux-x86_64 1.0.1 1.81 20.95 22.76 OK
r-patched-solaris-x86 1.0.1 42.50 OK
r-release-linux-x86_64 1.0.1 1.74 20.86 22.60 OK
r-release-osx-x86_64 1.0.1 OK
r-release-windows-ix86+x86_64 1.0.1 5.00 34.00 39.00 OK
r-oldrel-osx-x86_64 1.0.1 OK
r-oldrel-windows-ix86+x86_64 1.0.1 5.00 68.00 73.00 OK

Check Details

Version: 1.0.1
Check: Rd cross-references
Result: NOTE
    Undeclared package ‘pracma’ in Rd xrefs
Flavor: r-devel-linux-x86_64-fedora-clang