CRAN Package Check Results for Package PSCBS

Last updated on 2020-07-06 21:50:35 CEST.

Flavor Version Tinstall Tcheck Ttotal Status Flags
r-devel-linux-x86_64-debian-clang 0.65.0 18.39 289.91 308.30 OK
r-devel-linux-x86_64-debian-gcc 0.65.0 16.96 228.36 245.32 OK
r-devel-linux-x86_64-fedora-clang 0.65.0 346.69 OK
r-devel-linux-x86_64-fedora-gcc 0.65.0 451.98 OK
r-devel-windows-ix86+x86_64 0.65.0 39.00 461.00 500.00 OK
r-patched-linux-x86_64 0.65.0 20.13 300.80 320.93 OK
r-patched-solaris-x86 0.65.0 728.20 OK
r-release-linux-x86_64 0.65.0 18.38 299.65 318.03 OK
r-release-osx-x86_64 0.65.0 ERROR
r-release-windows-ix86+x86_64 0.65.0 28.00 352.00 380.00 OK
r-oldrel-osx-x86_64 0.65.0 OK
r-oldrel-windows-ix86+x86_64 0.65.0 26.00 455.00 481.00 OK

Check Details

Version: 0.65.0
Check: package dependencies
Result: ERROR
    Package required but not available: ‘aroma.light’
    
    See section ‘The DESCRIPTION file’ in the ‘Writing R Extensions’
    manual.
Flavor: r-release-osx-x86_64