CRAN Package Check Results for Package PRDA

Last updated on 2021-04-15 09:50:10 CEST.

Flavor Version Tinstall Tcheck Ttotal Status Flags
r-devel-linux-x86_64-debian-clang 1.0.0 41.11 223.42 264.53 NOTE
r-devel-linux-x86_64-debian-gcc 1.0.0 28.35 151.96 180.31 NOTE
r-devel-linux-x86_64-fedora-clang 1.0.0 325.42 NOTE
r-devel-linux-x86_64-fedora-gcc 1.0.0 308.10 NOTE
r-devel-windows-ix86+x86_64 1.0.0 93.00 321.00 414.00 NOTE
r-devel-windows-x86_64-gcc10-UCRT 1.0.0 NOTE
r-patched-linux-x86_64 1.0.0 28.00 213.94 241.94 OK
r-patched-solaris-x86 1.0.0 457.50 OK
r-release-linux-x86_64 1.0.0 32.84 210.05 242.89 OK
r-release-macos-x86_64 1.0.0 OK
r-release-windows-ix86+x86_64 1.0.0 80.00 357.00 437.00 OK
r-oldrel-macos-x86_64 1.0.0 OK
r-oldrel-windows-ix86+x86_64 1.0.0 106.00 239.00 345.00 OK

Check Details

Version: 1.0.0
Check: LazyData
Result: NOTE
     'LazyData' is specified without a 'data' directory
Flavors: r-devel-linux-x86_64-debian-clang, r-devel-linux-x86_64-debian-gcc, r-devel-linux-x86_64-fedora-clang, r-devel-linux-x86_64-fedora-gcc, r-devel-windows-ix86+x86_64, r-devel-windows-x86_64-gcc10-UCRT