CRAN Package Check Results for Package PLMIX

Last updated on 2020-03-30 20:48:37 CEST.

Flavor Version Tinstall Tcheck Ttotal Status Flags
r-devel-linux-x86_64-debian-clang 2.1.1 183.73 120.71 304.44 OK
r-devel-linux-x86_64-debian-gcc 2.1.1 104.62 91.53 196.15 OK
r-devel-linux-x86_64-fedora-clang 2.1.1 416.75 NOTE
r-devel-linux-x86_64-fedora-gcc 2.1.1 355.18 NOTE
r-devel-windows-ix86+x86_64 2.1.1 292.00 198.00 490.00 OK
r-devel-windows-ix86+x86_64-gcc8 2.1.1 337.00 216.00 553.00 OK
r-patched-linux-x86_64 2.1.1 134.16 115.89 250.05 OK
r-patched-solaris-x86 2.1.1 431.00 NOTE
r-release-linux-x86_64 2.1.1 125.96 103.59 229.55 OK
r-release-windows-ix86+x86_64 2.1.1 471.00 272.00 743.00 OK
r-release-osx-x86_64 2.1.1 NOTE
r-oldrel-windows-ix86+x86_64 2.1.1 371.00 264.00 635.00 OK
r-oldrel-osx-x86_64 2.1.1 NOTE

Check Details

Version: 2.1.1
Check: dependencies in R code
Result: NOTE
    Namespaces in Imports field not imported from:
     ‘PlackettLuce’ ‘StatRank’ ‘pmr’ ‘prefmod’ ‘rankdist’
     All declared Imports should be used.
Flavors: r-devel-linux-x86_64-fedora-clang, r-devel-linux-x86_64-fedora-gcc, r-patched-solaris-x86, r-release-osx-x86_64, r-oldrel-osx-x86_64