CRAN Package Check Results for Package PAFit

Last updated on 2021-04-15 09:50:09 CEST.

Flavor Version Tinstall Tcheck Ttotal Status Flags
r-devel-linux-x86_64-debian-clang 1.0.1.8 41.83 215.00 256.83 OK
r-devel-linux-x86_64-debian-gcc 1.0.1.8 30.97 161.16 192.13 OK
r-devel-linux-x86_64-fedora-clang 1.0.1.8 315.15 OK
r-devel-linux-x86_64-fedora-gcc 1.0.1.8 293.77 OK
r-devel-windows-ix86+x86_64 1.0.1.8 84.00 337.00 421.00 OK
r-devel-windows-x86_64-gcc10-UCRT 1.0.1.8 OK
r-patched-linux-x86_64 1.0.1.8 35.26 196.95 232.21 OK
r-patched-solaris-x86 1.0.1.8 393.60 OK
r-release-linux-x86_64 1.0.1.8 36.77 195.60 232.37 OK
r-release-macos-x86_64 1.0.1.8 OK
r-release-windows-ix86+x86_64 1.0.1.8 82.00 347.00 429.00 OK
r-oldrel-macos-x86_64 1.0.1.8 WARN
r-oldrel-windows-ix86+x86_64 1.0.1.8 58.00 239.00 297.00 OK

Check Details

Version: 1.0.1.8
Check: dependencies in R code
Result: NOTE
    No protocol specified
    No protocol specified
Flavor: r-oldrel-macos-x86_64

Version: 1.0.1.8
Check: S3 generic/method consistency
Result: WARN
    No protocol specified
    No protocol specified
    See section ‘Generic functions and methods’ in the ‘Writing R
    Extensions’ manual.
Flavor: r-oldrel-macos-x86_64

Version: 1.0.1.8
Check: replacement functions
Result: WARN
    No protocol specified
    No protocol specified
    The argument of a replacement function which corresponds to the right
    hand side must be named ‘value’.
Flavor: r-oldrel-macos-x86_64

Version: 1.0.1.8
Check: foreign function calls
Result: NOTE
    No protocol specified
    No protocol specified
    See chapter ‘System and foreign language interfaces’ in the ‘Writing R
    Extensions’ manual.
Flavor: r-oldrel-macos-x86_64

Version: 1.0.1.8
Check: R code for possible problems
Result: NOTE
    No protocol specified
    No protocol specified
Flavor: r-oldrel-macos-x86_64

Version: 1.0.1.8
Check: for missing documentation entries
Result: WARN
    No protocol specified
    No protocol specified
    All user-level objects in a package should have documentation entries.
    See chapter ‘Writing R documentation files’ in the ‘Writing R
    Extensions’ manual.
Flavor: r-oldrel-macos-x86_64

Version: 1.0.1.8
Check: for code/documentation mismatches
Result: WARN
    No protocol specified
    No protocol specified
    No protocol specified
    No protocol specified
    No protocol specified
    No protocol specified
Flavor: r-oldrel-macos-x86_64

Version: 1.0.1.8
Check: Rd \usage sections
Result: NOTE
    No protocol specified
    No protocol specified
    The \usage entries for S3 methods should use the \method markup and not
    their full name.
    See chapter ‘Writing R documentation files’ in the ‘Writing R
    Extensions’ manual.
Flavor: r-oldrel-macos-x86_64