CRAN Package Check Results for Package PACVr

Last updated on 2020-02-21 17:47:53 CET.

Flavor Version Tinstall Tcheck Ttotal Status Flags
r-devel-linux-x86_64-debian-clang 0.9.1 42.78 375.14 417.92 OK
r-devel-linux-x86_64-debian-gcc 0.9.2 26.97 291.84 318.81 OK
r-devel-linux-x86_64-fedora-clang 0.9.2 558.17 NOTE
r-devel-linux-x86_64-fedora-gcc 0.9.2 540.29 NOTE
r-patched-linux-x86_64 0.9.1 28.29 319.37 347.66 OK
r-patched-solaris-x86 0.9.2 579.00 NOTE
r-release-linux-x86_64 0.9.1 27.32 315.41 342.73 OK
r-release-osx-x86_64 0.9.1 ERROR
r-oldrel-osx-x86_64 0.9.1 ERROR

Check Details

Version: 0.9.2
Check: dependencies in R code
Result: NOTE
    Namespace in Imports field not imported from: ‘GenomicAlignments’
     All declared Imports should be used.
Flavors: r-devel-linux-x86_64-fedora-clang, r-devel-linux-x86_64-fedora-gcc, r-patched-solaris-x86

Version: 0.9.1
Check: whether package can be installed
Result: ERROR
    Installation failed.
Flavor: r-release-osx-x86_64

Version: 0.9.1
Check: package dependencies
Result: ERROR
    Packages required but not available: ‘genbankr’ ‘GenomicAlignments’
    
    Package required and available but unsuitable version: ‘Biostrings’
    
    See section ‘The DESCRIPTION file’ in the ‘Writing R Extensions’
    manual.
Flavor: r-oldrel-osx-x86_64