CRAN Package Check Results for Package OwenQ

Last updated on 2021-04-15 09:50:09 CEST.

Flavor Version Tinstall Tcheck Ttotal Status Flags
r-devel-linux-x86_64-debian-clang 1.0.3 67.34 257.08 324.42 NOTE
r-devel-linux-x86_64-debian-gcc 1.0.3 48.57 186.90 235.47 NOTE
r-devel-linux-x86_64-fedora-clang 1.0.3 401.04 NOTE
r-devel-linux-x86_64-fedora-gcc 1.0.3 387.06 NOTE
r-devel-windows-ix86+x86_64 1.0.3 162.00 332.00 494.00 NOTE
r-devel-windows-x86_64-gcc10-UCRT 1.0.3 NOTE
r-patched-linux-x86_64 1.0.3 62.93 247.58 310.51 OK
r-patched-solaris-x86 1.0.3 399.30 OK
r-release-linux-x86_64 1.0.3 58.66 241.31 299.97 OK
r-release-macos-x86_64 1.0.3 NOTE
r-release-windows-ix86+x86_64 1.0.3 129.00 351.00 480.00 OK
r-oldrel-macos-x86_64 1.0.3 NOTE
r-oldrel-windows-ix86+x86_64 1.0.3 145.00 223.00 368.00 OK

Additional issues

M1mac

Check Details

Version: 1.0.3
Check: LazyData
Result: NOTE
     'LazyData' is specified without a 'data' directory
Flavors: r-devel-linux-x86_64-debian-clang, r-devel-linux-x86_64-debian-gcc, r-devel-linux-x86_64-fedora-clang, r-devel-linux-x86_64-fedora-gcc, r-devel-windows-ix86+x86_64, r-devel-windows-x86_64-gcc10-UCRT

Version: 1.0.3
Check: installed package size
Result: NOTE
     installed size is 10.2Mb
     sub-directories of 1Mb or more:
     libs 9.8Mb
Flavors: r-devel-linux-x86_64-fedora-clang, r-release-macos-x86_64, r-oldrel-macos-x86_64