CRAN Package Check Results for Package OptimaRegion

Last updated on 2021-06-15 09:52:55 CEST.

Flavor Version Tinstall Tcheck Ttotal Status Flags
r-devel-linux-x86_64-debian-clang 1.1 3.50 41.15 44.65 OK
r-devel-linux-x86_64-debian-gcc 1.1 3.23 32.00 35.23 OK
r-devel-linux-x86_64-fedora-clang 1.1 65.05 NOTE
r-devel-linux-x86_64-fedora-gcc 1.1 54.63 NOTE
r-devel-windows-x86_64 1.1 7.00 58.00 65.00 OK
r-devel-windows-x86_64-gcc10-UCRT 1.1 NOTE
r-patched-linux-x86_64 1.1 4.27 39.45 43.72 OK
r-patched-solaris-x86 1.1 71.00 NOTE
r-release-linux-x86_64 1.1 3.47 39.56 43.03 OK
r-release-macos-arm64 1.1 NOTE
r-release-macos-x86_64 1.1 NOTE
r-release-windows-ix86+x86_64 1.1 8.00 55.00 63.00 OK
r-oldrel-macos-x86_64 1.1 NOTE
r-oldrel-windows-ix86+x86_64 1.1 9.00 54.00 63.00 OK

Check Details

Version: 1.1
Check: dependencies in R code
Result: NOTE
    Namespace in Imports field not imported from: ‘geometry’
     All declared Imports should be used.
Flavors: r-devel-linux-x86_64-fedora-clang, r-devel-linux-x86_64-fedora-gcc, r-devel-windows-x86_64-gcc10-UCRT, r-patched-solaris-x86, r-release-macos-arm64, r-release-macos-x86_64, r-oldrel-macos-x86_64