CRAN Package Check Results for Package OpenRepGrid

Last updated on 2021-04-15 09:50:08 CEST.

Flavor Version Tinstall Tcheck Ttotal Status Flags
r-devel-linux-x86_64-debian-clang 0.1.12 20.76 114.93 135.69 OK
r-devel-linux-x86_64-debian-gcc 0.1.12 16.28 89.11 105.39 OK
r-devel-linux-x86_64-fedora-clang 0.1.12 175.01 OK
r-devel-linux-x86_64-fedora-gcc 0.1.12 164.13 OK
r-devel-windows-ix86+x86_64 0.1.12 35.00 135.00 170.00 OK
r-devel-windows-x86_64-gcc10-UCRT 0.1.12 OK
r-patched-linux-x86_64 0.1.12 21.57 108.51 130.08 OK
r-patched-solaris-x86 0.1.12 220.70 OK
r-release-linux-x86_64 0.1.12 20.96 107.37 128.33 OK
r-release-macos-x86_64 0.1.12 OK
r-release-windows-ix86+x86_64 0.1.12 34.00 140.00 174.00 OK
r-oldrel-macos-x86_64 0.1.12 WARN
r-oldrel-windows-ix86+x86_64 0.1.12 21.00 94.00 115.00 OK

Check Details

Version: 0.1.12
Check: whether package can be installed
Result: WARN
    Found the following significant warnings:
     Warning: 'rgl_init' failed, running with rgl.useNULL = TRUE
Flavor: r-oldrel-macos-x86_64