CRAN Package Check Results for Package Omisc

Last updated on 2021-04-15 09:50:08 CEST.

Flavor Version Tinstall Tcheck Ttotal Status Flags
r-devel-linux-x86_64-debian-clang 0.1.4 3.12 54.99 58.11 NOTE
r-devel-linux-x86_64-debian-gcc 0.1.4 2.97 41.93 44.90 NOTE
r-devel-linux-x86_64-fedora-clang 0.1.4 79.32 NOTE
r-devel-linux-x86_64-fedora-gcc 0.1.4 70.75 NOTE
r-devel-windows-ix86+x86_64 0.1.4 8.00 80.00 88.00 NOTE
r-devel-windows-x86_64-gcc10-UCRT 0.1.4 NOTE
r-patched-linux-x86_64 0.1.4 3.10 52.77 55.87 OK
r-patched-solaris-x86 0.1.4 101.20 NOTE
r-release-linux-x86_64 0.1.4 3.87 53.07 56.94 OK
r-release-macos-x86_64 0.1.4 NOTE
r-release-windows-ix86+x86_64 0.1.4 7.00 82.00 89.00 OK
r-oldrel-macos-x86_64 0.1.4 NOTE
r-oldrel-windows-ix86+x86_64 0.1.4 6.00 60.00 66.00 OK

Check Details

Version: 0.1.4
Check: LazyData
Result: NOTE
     'LazyData' is specified without a 'data' directory
Flavors: r-devel-linux-x86_64-debian-clang, r-devel-linux-x86_64-debian-gcc, r-devel-linux-x86_64-fedora-clang, r-devel-linux-x86_64-fedora-gcc, r-devel-windows-ix86+x86_64, r-devel-windows-x86_64-gcc10-UCRT

Version: 0.1.4
Check: dependencies in R code
Result: NOTE
    Namespace in Imports field not imported from: ‘base’
     All declared Imports should be used.
Flavors: r-devel-linux-x86_64-fedora-clang, r-devel-linux-x86_64-fedora-gcc, r-devel-windows-x86_64-gcc10-UCRT, r-patched-solaris-x86, r-release-macos-x86_64, r-oldrel-macos-x86_64