CRAN Package Check Results for Package OWEA

Last updated on 2021-04-15 09:50:09 CEST.

Flavor Version Tinstall Tcheck Ttotal Status Flags
r-devel-linux-x86_64-debian-clang 0.1.1 3.02 28.85 31.87 NOTE
r-devel-linux-x86_64-debian-gcc 0.1.1 2.60 22.21 24.81 NOTE
r-devel-linux-x86_64-fedora-clang 0.1.1 48.39 NOTE
r-devel-linux-x86_64-fedora-gcc 0.1.1 37.93 NOTE
r-devel-windows-ix86+x86_64 0.1.1 7.00 46.00 53.00 NOTE
r-devel-windows-x86_64-gcc10-UCRT 0.1.1 NOTE
r-patched-linux-x86_64 0.1.1 3.19 27.34 30.53 OK
r-patched-solaris-x86 0.1.1 54.80 OK
r-release-linux-x86_64 0.1.1 3.14 27.95 31.09 OK
r-release-macos-x86_64 0.1.1 OK
r-release-windows-ix86+x86_64 0.1.1 18.00 46.00 64.00 OK
r-oldrel-macos-x86_64 0.1.1 OK
r-oldrel-windows-ix86+x86_64 0.1.1 5.00 33.00 38.00 OK

Check Details

Version: 0.1.1
Check: LazyData
Result: NOTE
     'LazyData' is specified without a 'data' directory
Flavors: r-devel-linux-x86_64-debian-clang, r-devel-linux-x86_64-debian-gcc, r-devel-linux-x86_64-fedora-clang, r-devel-linux-x86_64-fedora-gcc, r-devel-windows-ix86+x86_64, r-devel-windows-x86_64-gcc10-UCRT