CRAN Package Check Results for Package OSNMTF

Last updated on 2021-04-15 09:50:09 CEST.

Flavor Version Tinstall Tcheck Ttotal Status Flags
r-devel-linux-x86_64-debian-clang 0.1.0 3.44 45.59 49.03 NOTE
r-devel-linux-x86_64-debian-gcc 0.1.0 3.44 34.79 38.23 NOTE
r-devel-linux-x86_64-fedora-clang 0.1.0 70.22 NOTE
r-devel-linux-x86_64-fedora-gcc 0.1.0 58.96 NOTE
r-devel-windows-ix86+x86_64 0.1.0 14.00 66.00 80.00 NOTE
r-devel-windows-x86_64-gcc10-UCRT 0.1.0 NOTE
r-patched-linux-x86_64 0.1.0 3.67 42.99 46.66 OK
r-patched-solaris-x86 0.1.0 85.60 OK
r-release-linux-x86_64 0.1.0 4.57 43.06 47.63 OK
r-release-macos-x86_64 0.1.0 OK
r-release-windows-ix86+x86_64 0.1.0 18.00 73.00 91.00 OK
r-oldrel-macos-x86_64 0.1.0 OK
r-oldrel-windows-ix86+x86_64 0.1.0 10.00 49.00 59.00 OK

Check Details

Version: 0.1.0
Check: LazyData
Result: NOTE
     'LazyData' is specified without a 'data' directory
Flavors: r-devel-linux-x86_64-debian-clang, r-devel-linux-x86_64-debian-gcc, r-devel-linux-x86_64-fedora-clang, r-devel-linux-x86_64-fedora-gcc, r-devel-windows-ix86+x86_64, r-devel-windows-x86_64-gcc10-UCRT