CRAN Package Check Results for Package OOS

Last updated on 2021-06-24 09:52:38 CEST.

Flavor Version Tinstall Tcheck Ttotal Status Flags
r-devel-linux-x86_64-debian-clang 1.0.0 3.04 375.70 378.74 NOTE
r-devel-linux-x86_64-debian-gcc 1.0.0 2.89 263.07 265.96 NOTE
r-devel-linux-x86_64-fedora-clang 1.0.0 426.03 NOTE
r-devel-linux-x86_64-fedora-gcc 1.0.0 425.26 NOTE
r-devel-windows-x86_64 1.0.0 7.00 400.00 407.00 NOTE
r-devel-windows-x86_64-gcc10-UCRT 1.0.0 ERROR
r-patched-linux-x86_64 1.0.0 3.62 342.15 345.77 NOTE
r-patched-solaris-x86 1.0.0 477.50 NOTE
r-release-linux-x86_64 1.0.0 3.06 343.14 346.20 NOTE
r-release-macos-arm64 1.0.0 NOTE
r-release-macos-x86_64 1.0.0 NOTE
r-release-windows-ix86+x86_64 1.0.0 5.00 316.00 321.00 NOTE
r-oldrel-macos-x86_64 1.0.0 OK

Check Details

Version: 1.0.0
Check: LazyData
Result: NOTE
     'LazyData' is specified without a 'data' directory
Flavors: r-devel-linux-x86_64-debian-clang, r-devel-linux-x86_64-debian-gcc, r-devel-linux-x86_64-fedora-clang, r-devel-linux-x86_64-fedora-gcc, r-devel-windows-x86_64, r-patched-linux-x86_64, r-patched-solaris-x86, r-release-linux-x86_64, r-release-macos-arm64, r-release-macos-x86_64, r-release-windows-ix86+x86_64

Version: 1.0.0
Check: package dependencies
Result: ERROR
    Packages required but not available: 'forecast', 'imputeTS'
    
    Package suggested but not available for checking: 'quantmod'
    
    See section 'The DESCRIPTION file' in the 'Writing R Extensions'
    manual.
Flavor: r-devel-windows-x86_64-gcc10-UCRT